{"id":76,"date":"2018-12-11T09:24:50","date_gmt":"2018-12-11T11:24:50","guid":{"rendered":"https:\/\/arenacp.com.br\/revista-country-fever\/?page_id=76"},"modified":"2018-12-26T16:21:08","modified_gmt":"2018-12-26T18:21:08","slug":"distribuicao","status":"publish","type":"page","link":"https:\/\/arenacp.com.br\/revista-country-fever\/distribuicao\/","title":{"rendered":"Distribui\u00e7\u00e3o"},"content":{"rendered":"<h1><i>DISTRIBUI\u00c7\u00c3O DA REVISTA COUNTRY FEVER<\/i><\/h1>\n<p>\t<p style=\"text-align: justify\">A Revista tem distribui\u00e7\u00e3o\u00a0<strong>GRATUITAMENTE\/ DIRECIONADA<\/strong>, fundada no dia 23 de setembro de 2008, possui pontos de entrega\u00a0da cidade como: ag\u00eancias de autom\u00f3veis, modelos, propaganda e turismo, bares e restaurantes, boutiques, c\u00e2mara municipal, cart\u00f3rios, centros de est\u00e9tica, col\u00e9gios particulares, condominios, choperias, cursinhos, churrascarias, clubes sociais, danceterias, escolas de inform\u00e1tica, escolas de idiomas, fast foods, fotos, hot\u00e9is, lanchonetes, livrarias, lojas de conveni\u00eancia, pizzarias, postos de combust\u00edveis, sal\u00f5es de beleza, shopping, universidades, video locadoras e lojas country.<\/p>\n<p style=\"text-align: justify\">Ela tem 80 p\u00e1ginas coloridas, distribu\u00edda em 100 cidades da Regi\u00e3o Noroeste Paulista e os Estados como: <strong>S\u00e3o Paulo<\/strong>: Ara\u00e7atuba, Andradina, Bauru, Barretos, Campinas, Dracena, Franca, Fernand\u00f3polis, Jales, Mar\u00edlia, Presidente Prudente, Ribeir\u00e3o Preto, Sorocaba, Votuporanga entre outras.\u00a0<strong>Minas Gerais<\/strong>: Belo Horizonte, Divin\u00f3polis, Guaxup\u00e9, Uberl\u00e2ndia, Uberaba entre outras.\u00a0<strong>Paran\u00e1:<\/strong>\u00a0Cianorte, Colorado, Londrina, Maringa, Paranava\u00ed entre outras.\u00a0<strong>Goi\u00e1s<\/strong>: Rio Verde, Goi\u00e2nia, Morrinhos, Goiatuba, Santa Helena entre outras.\u00a0<strong>Mato Grosso e Mato Grosso do Sul<\/strong>: Cuiab\u00e1, Sinop, Aparecida do Taboado, Parana\u00edba, Tr\u00eas Lagoas entre outras.<\/p>\n<p style=\"text-align: justify\">A distribui\u00e7\u00e3o conta com uma moto pr\u00f3pria que viaja pela Regi\u00e3o, envio de Cartas Registradas pelo Correio, al\u00e9m de 70 expositores (em p\u00e9 &#8211; 1,60 m &#8211; e balc\u00e3o) distribuidos por S\u00e3o Jos\u00e9 do Rio Preto e Regi\u00e3o.<\/p>\n<p style=\"text-align: justify\">\u00c9 a \u00fanica\u00a0<strong>revista country<\/strong>\u00a0do segmento na regi\u00e3o de S\u00e3o Jos\u00e9 do Rio Preto-SP e Brasil, e que\u00a0j\u00e1 estampou na capa personalidades do rodeio e cantores renomados como,\u00a0<strong>Adriano Moraes<\/strong>\u00a0(tri-campe\u00e3o Mundial de Montarias em Touro),\u00a0<strong>Luan Santana<\/strong>,\u00a0<strong>Paula Fernandes<\/strong>, as duplas\u00a0<strong>Guilherme &amp; Santiago<\/strong>,\u00a0<strong>Jo\u00e3o Carreiro &amp; Capataz<\/strong>\u00a0e\u00a0<strong>Fernando &amp; Sorocaba<\/strong>,\u00a0<strong>Juliano Cezar<\/strong>,\u00a0<strong>Dr. Nadim Cury<\/strong>\u00a0(M\u00e9dico e ex-presidente do Clube Monte Libano de S.J. Rio Preto\/SP),\u00a0<strong>Hugo Resende<\/strong>\u00a0&#8211; ex-presidente de\u00a0<strong>Os Independentes<\/strong>\u00a0de Barretos\/SP,\u00a0<strong>Paulo Em\u00edlio Marques<\/strong>, o cantor e ator\u00a0<strong>Maur\u00edcio Mattar<\/strong>,\u00a0<strong>Jads &amp; Jadson, Dr. Valdomiro Lopes\u00a0<\/strong>(Prefeito de S\u00e3o Jos\u00e9 do Rio Preto),\u00a0<strong>Luciano Scalon<\/strong>\u00a0(Prefeito de Nipo\u00e3-SP),\u00a0<strong>Matheus Calil<\/strong>\u00a0(Presidente do Ribeir\u00e3o Rodeo Music), al\u00e9m do cowboy riopretense\u00a0<strong>Beto Carrero<\/strong>\u00a0(in Memorian),\u00a0<strong>Jer\u00f4nimo Muzetti<\/strong>, ex-presidente de\u00a0<strong>Os Independentes<\/strong>\u00a0de Barretos\/SP e\u00a0a dupla\u00a0<strong>Carreiro &amp; Capataz e Gaby Violeira. <\/strong>Terminamos o ano de 2016 chegando na edi\u00e7\u00e3o de n\u00famero 100, com o criador de Gado Sindi, Adaldio Castilho na capa, o ano de 2017 come\u00e7ou com a dupla revela\u00e7\u00e3o do momento, Diego &amp; Marcel, a Revista Country Fever aumenta e expande a cada edi\u00e7\u00e3o, sempre trazendo o melhor do mundo country\/sertanejo para todos voc\u00eas. Sem contar que em 2019 a capa de<strong> Barretos<\/strong> teve as embaixadoras <strong>Simone &amp; Simaria.<\/strong><\/p>\n<br \/>\n\t    <div class=\"col-md-12 col-sm-12 col-xs-12 grid-galeria-de-fotos\" style=\"padding: 0;\">\r\n                        <div class=\"col-md-3 col-sm-4 col-xs-6 grid-item-foto\">\r\n                    <a href=\"https:\/\/arenacp.com.br\/revista-country-fever\/wp-content\/uploads\/2018\/12\/f030f54c9263d3543f624ba2813d9c3a.jpg\" class=\"fancybox\"><img src=\"https:\/\/arenacp.com.br\/revista-country-fever\/wp-content\/uploads\/2018\/12\/f030f54c9263d3543f624ba2813d9c3a.jpg\" style=\"width: 100%; height: auto; margin-bottom: 30px;\"><\/a>\r\n                <\/div>\r\n                        <div class=\"col-md-3 col-sm-4 col-xs-6 grid-item-foto\">\r\n                    <a href=\"https:\/\/arenacp.com.br\/revista-country-fever\/wp-content\/uploads\/2019\/09\/car-grande.png\" class=\"fancybox\"><img src=\"https:\/\/arenacp.com.br\/revista-country-fever\/wp-content\/uploads\/2019\/09\/car-grande.png\" style=\"width: 100%; height: auto; margin-bottom: 30px;\"><\/a>\r\n                <\/div>\r\n                        <div class=\"col-md-3 col-sm-4 col-xs-6 grid-item-foto\">\r\n                    <a href=\"https:\/\/arenacp.com.br\/revista-country-fever\/wp-content\/uploads\/2019\/09\/expositor-1.png\" class=\"fancybox\"><img src=\"https:\/\/arenacp.com.br\/revista-country-fever\/wp-content\/uploads\/2019\/09\/expositor-1.png\" style=\"width: 100%; height: auto; margin-bottom: 30px;\"><\/a>\r\n                <\/div>\r\n            <\/div>\r\n    <script>\r\n        jQuery(document).ready(function($) {\r\n            $(\".fancybox\").magnificPopup({\r\n                type: \"image\",\r\n                gallery: {\r\n                    enabled: true,\r\n                    tPrev: 'Anterior',\r\n                    tNext: 'Pr\u00f3ximo',\r\n                }\r\n            });\r\n\r\n            $('.grid-galeria-de-fotos').masonry({\r\n                itemSelector: '.grid-item-foto',\r\n            });\r\n\r\n            var i = 0;\r\n            var intervalo = setInterval(function() {\r\n                i++;\r\n                if (i > 3) {\r\n                    clearInterval(intervalo);\r\n                }\r\n                $('.grid-galeria-de-fotos').masonry('reloadItems');\r\n            }, 1000);\r\n        });\r\n    <\/script>\r\n<\/p>\n","protected":false},"excerpt":{"rendered":"","protected":false},"author":1,"featured_media":0,"parent":0,"menu_order":2,"comment_status":"closed","ping_status":"closed","template":"","meta":{"_mi_skip_tracking":false},"yoast_head":"<!-- This site is optimized with the Yoast SEO plugin v19.4 - https:\/\/yoast.com\/wordpress\/plugins\/seo\/ -->\n<title>Distribui\u00e7\u00e3o - Revista Country Fever<\/title>\n<meta name=\"robots\" content=\"index, follow, max-snippet:-1, max-image-preview:large, max-video-preview:-1\" \/>\n<link rel=\"canonical\" href=\"https:\/\/arenacp.com.br\/revista-country-fever\/distribuicao\/\" \/>\n<meta property=\"og:locale\" content=\"pt_BR\" \/>\n<meta property=\"og:type\" content=\"article\" \/>\n<meta property=\"og:title\" content=\"Distribui\u00e7\u00e3o - Revista Country Fever\" \/>\n<meta property=\"og:url\" content=\"https:\/\/arenacp.com.br\/revista-country-fever\/distribuicao\/\" \/>\n<meta property=\"og:site_name\" content=\"Revista Country Fever\" \/>\n<meta property=\"article:modified_time\" content=\"2018-12-26T18:21:08+00:00\" \/>\n<meta name=\"twitter:card\" content=\"summary_large_image\" \/>\n<script type=\"application\/ld+json\" class=\"yoast-schema-graph\">{\"@context\":\"https:\/\/schema.org\",\"@graph\":[{\"@type\":\"WebSite\",\"@id\":\"https:\/\/arenacp.com.br\/revista-country-fever\/#website\",\"url\":\"https:\/\/arenacp.com.br\/revista-country-fever\/\",\"name\":\"Revista Country Fever\",\"description\":\"\",\"potentialAction\":[{\"@type\":\"SearchAction\",\"target\":{\"@type\":\"EntryPoint\",\"urlTemplate\":\"https:\/\/arenacp.com.br\/revista-country-fever\/?s={search_term_string}\"},\"query-input\":\"required name=search_term_string\"}],\"inLanguage\":\"pt-BR\"},{\"@type\":\"WebPage\",\"@id\":\"https:\/\/arenacp.com.br\/revista-country-fever\/distribuicao\/\",\"url\":\"https:\/\/arenacp.com.br\/revista-country-fever\/distribuicao\/\",\"name\":\"Distribui\u00e7\u00e3o - Revista Country Fever\",\"isPartOf\":{\"@id\":\"https:\/\/arenacp.com.br\/revista-country-fever\/#website\"},\"datePublished\":\"2018-12-11T11:24:50+00:00\",\"dateModified\":\"2018-12-26T18:21:08+00:00\",\"breadcrumb\":{\"@id\":\"https:\/\/arenacp.com.br\/revista-country-fever\/distribuicao\/#breadcrumb\"},\"inLanguage\":\"pt-BR\",\"potentialAction\":[{\"@type\":\"ReadAction\",\"target\":[\"https:\/\/arenacp.com.br\/revista-country-fever\/distribuicao\/\"]}]},{\"@type\":\"BreadcrumbList\",\"@id\":\"https:\/\/arenacp.com.br\/revista-country-fever\/distribuicao\/#breadcrumb\",\"itemListElement\":[{\"@type\":\"ListItem\",\"position\":1,\"name\":\"In\u00edcio\",\"item\":\"https:\/\/arenacp.com.br\/revista-country-fever\/\"},{\"@type\":\"ListItem\",\"position\":2,\"name\":\"Distribui\u00e7\u00e3o\"}]}]}<\/script>\n<!-- \/ Yoast SEO plugin. -->","yoast_head_json":{"title":"Distribui\u00e7\u00e3o - Revista Country Fever","robots":{"index":"index","follow":"follow","max-snippet":"max-snippet:-1","max-image-preview":"max-image-preview:large","max-video-preview":"max-video-preview:-1"},"canonical":"https:\/\/arenacp.com.br\/revista-country-fever\/distribuicao\/","og_locale":"pt_BR","og_type":"article","og_title":"Distribui\u00e7\u00e3o - Revista Country Fever","og_url":"https:\/\/arenacp.com.br\/revista-country-fever\/distribuicao\/","og_site_name":"Revista Country Fever","article_modified_time":"2018-12-26T18:21:08+00:00","twitter_card":"summary_large_image","schema":{"@context":"https:\/\/schema.org","@graph":[{"@type":"WebSite","@id":"https:\/\/arenacp.com.br\/revista-country-fever\/#website","url":"https:\/\/arenacp.com.br\/revista-country-fever\/","name":"Revista Country Fever","description":"","potentialAction":[{"@type":"SearchAction","target":{"@type":"EntryPoint","urlTemplate":"https:\/\/arenacp.com.br\/revista-country-fever\/?s={search_term_string}"},"query-input":"required name=search_term_string"}],"inLanguage":"pt-BR"},{"@type":"WebPage","@id":"https:\/\/arenacp.com.br\/revista-country-fever\/distribuicao\/","url":"https:\/\/arenacp.com.br\/revista-country-fever\/distribuicao\/","name":"Distribui\u00e7\u00e3o - Revista Country Fever","isPartOf":{"@id":"https:\/\/arenacp.com.br\/revista-country-fever\/#website"},"datePublished":"2018-12-11T11:24:50+00:00","dateModified":"2018-12-26T18:21:08+00:00","breadcrumb":{"@id":"https:\/\/arenacp.com.br\/revista-country-fever\/distribuicao\/#breadcrumb"},"inLanguage":"pt-BR","potentialAction":[{"@type":"ReadAction","target":["https:\/\/arenacp.com.br\/revista-country-fever\/distribuicao\/"]}]},{"@type":"BreadcrumbList","@id":"https:\/\/arenacp.com.br\/revista-country-fever\/distribuicao\/#breadcrumb","itemListElement":[{"@type":"ListItem","position":1,"name":"In\u00edcio","item":"https:\/\/arenacp.com.br\/revista-country-fever\/"},{"@type":"ListItem","position":2,"name":"Distribui\u00e7\u00e3o"}]}]}},"_links":{"self":[{"href":"https:\/\/arenacp.com.br\/revista-country-fever\/wp-json\/wp\/v2\/pages\/76"}],"collection":[{"href":"https:\/\/arenacp.com.br\/revista-country-fever\/wp-json\/wp\/v2\/pages"}],"about":[{"href":"https:\/\/arenacp.com.br\/revista-country-fever\/wp-json\/wp\/v2\/types\/page"}],"author":[{"embeddable":true,"href":"https:\/\/arenacp.com.br\/revista-country-fever\/wp-json\/wp\/v2\/users\/1"}],"replies":[{"embeddable":true,"href":"https:\/\/arenacp.com.br\/revista-country-fever\/wp-json\/wp\/v2\/comments?post=76"}],"version-history":[{"count":4,"href":"https:\/\/arenacp.com.br\/revista-country-fever\/wp-json\/wp\/v2\/pages\/76\/revisions"}],"predecessor-version":[{"id":3243,"href":"https:\/\/arenacp.com.br\/revista-country-fever\/wp-json\/wp\/v2\/pages\/76\/revisions\/3243"}],"wp:attachment":[{"href":"https:\/\/arenacp.com.br\/revista-country-fever\/wp-json\/wp\/v2\/media?parent=76"}],"curies":[{"name":"wp","href":"https:\/\/api.w.org\/{rel}","templated":true}]}}