{"id":22,"date":"2020-06-30T16:56:28","date_gmt":"2020-06-30T19:56:28","guid":{"rendered":"https:\/\/arenacp.com.br\/direto-ao-ponto\/?page_id=22"},"modified":"2026-02-11T11:02:45","modified_gmt":"2026-02-11T14:02:45","slug":"home","status":"publish","type":"page","link":"https:\/\/arenacp.com.br\/direto-ao-ponto\/","title":{"rendered":"Home"},"content":{"rendered":"\r\n<h1>Direto ao ponto<\/h1>\r\n<p>O Direto ao Ponto \u00e9 um programa de entrevistas apresentado por <strong>Juju Cizotto<\/strong>, que recebe convidados especiais para conversas francas, atuais e relevantes. Com uma linguagem leve e objetiva, o programa traz informa\u00e7\u00e3o, hist\u00f3rias inspiradoras e temas que impactam diretamente a comunidade.<br \/>Com transmiss\u00f5es <strong>ao vivo<\/strong>,<strong> a partir das 16h30<\/strong>, o Direto ao Ponto pode ser assistido pelo<strong> YouTube, TV Morada do Sol, canal 43.1 e TV Rio Preto, canal 7.<\/strong><\/p>\r\n<center>        <iframe src=\"https:\/\/www.youtube.com\/embed\/Uhe-ngTEfso\/?rel=0\" frameborder=\"0\" allow=\"accelerometer; autoplay; encrypted-media; gyroscope; picture-in-picture\" allowfullscreen style=\"width: 85%;\" class=\"youtube-video\"><\/iframe>\r\n<\/center>\r\n<p><a role=\"button\" href=\"https:\/\/arenacp.com.br\/direto-ao-ponto\/ultimos_porgramas_po\/\" target=\"_self\" rel=\"noopener\"> Programas Anteriores <\/a> <img loading=\"lazy\" decoding=\"async\" title=\"FOTO-JU\" src=\"https:\/\/arenacp.com.br\/direto-ao-ponto\/wp-content\/uploads\/2026\/02\/FOTO-JU.png\" alt=\"FOTO-JU\" width=\"1080\" height=\"719\" \/><\/p>\r\n<h2><a title=\"GALERIA DE FOTOS - DIRETO AO PONTO\" href=\"https:\/\/arenacp.com.br\/direto-ao-ponto\/galeria\/\" target=\"_self\" rel=\"noopener\"> GALERIA DE FOTOS &#8211; DIRETO AO PONTO <\/a><\/h2>\r\n","protected":false},"excerpt":{"rendered":"<p>Direto ao ponto O Direto ao Ponto \u00e9 um programa de entrevistas apresentado por Juju Cizotto, que recebe convidados especiais para conversas francas, atuais e relevantes. Com uma linguagem leve e objetiva, o programa traz informa\u00e7\u00e3o, hist\u00f3rias inspiradoras e temas que impactam diretamente a comunidade.Com transmiss\u00f5es ao vivo, a partir das 16h30, o Direto ao&hellip;<\/p>\n","protected":false},"author":1,"featured_media":0,"parent":0,"menu_order":0,"comment_status":"closed","ping_status":"closed","template":"","meta":{"_mi_skip_tracking":false,"footnotes":""},"class_list":["post-22","page","type-page","status-publish","hentry"],"yoast_head":"<!-- This site is optimized with the Yoast SEO plugin v19.4 - https:\/\/yoast.com\/wordpress\/plugins\/seo\/ -->\n<title>Direto ao Ponto<\/title>\n<meta name=\"description\" content=\"O programa Direto ao Ponto foi idealizado por Juju Cizzoto e Carlinhos Pinheiro e mostrar\u00e1 que al\u00e9m de gl\u00f3ria e emo\u00e7\u00e3o o rodeio \u00e9 feito de muito trabalho, esfor\u00e7o e dedica\u00e7\u00e3o!\" \/>\n<meta name=\"robots\" content=\"index, follow, max-snippet:-1, max-image-preview:large, max-video-preview:-1\" \/>\n<link rel=\"canonical\" href=\"https:\/\/arenacp.com.br\/direto-ao-ponto\/\" \/>\n<meta property=\"og:locale\" content=\"pt_BR\" \/>\n<meta property=\"og:type\" content=\"article\" \/>\n<meta property=\"og:title\" content=\"Direto ao Ponto\" \/>\n<meta property=\"og:description\" content=\"O programa Direto ao Ponto foi idealizado por Juju Cizzoto e Carlinhos Pinheiro e mostrar\u00e1 que al\u00e9m de gl\u00f3ria e emo\u00e7\u00e3o o rodeio \u00e9 feito de muito trabalho, esfor\u00e7o e dedica\u00e7\u00e3o!\" \/>\n<meta property=\"og:url\" content=\"https:\/\/arenacp.com.br\/direto-ao-ponto\/\" \/>\n<meta property=\"og:site_name\" content=\"Direto ao Ponto\" \/>\n<meta property=\"article:modified_time\" content=\"2026-02-11T14:02:45+00:00\" \/>\n<meta property=\"og:image\" content=\"https:\/\/arenacp.com.br\/direto-ao-ponto\/wp-content\/uploads\/2026\/02\/diretoaoponto-facebook.jpg\" \/>\n\t<meta property=\"og:image:width\" content=\"1200\" \/>\n\t<meta property=\"og:image:height\" content=\"630\" \/>\n\t<meta property=\"og:image:type\" content=\"image\/jpeg\" \/>\n<meta name=\"twitter:card\" content=\"summary_large_image\" \/>\n<meta name=\"twitter:title\" content=\"Direto ao Ponto\" \/>\n<meta name=\"twitter:description\" content=\"O programa Direto ao Ponto foi idealizado por Juju Cizzoto e Carlinhos Pinheiro e mostrar\u00e1 que al\u00e9m de gl\u00f3ria e emo\u00e7\u00e3o o rodeio \u00e9 feito de muito trabalho, esfor\u00e7o e dedica\u00e7\u00e3o!\" \/>\n<meta name=\"twitter:image\" content=\"https:\/\/arenacp.com.br\/direto-ao-ponto\/wp-content\/uploads\/2026\/02\/diretoaoponto-twitter.jpg\" \/>\n<meta name=\"twitter:label1\" content=\"Est. tempo de leitura\" \/>\n\t<meta name=\"twitter:data1\" content=\"1 minuto\" \/>\n<script type=\"application\/ld+json\" class=\"yoast-schema-graph\">{\"@context\":\"https:\/\/schema.org\",\"@graph\":[{\"@type\":\"WebSite\",\"@id\":\"https:\/\/arenacp.com.br\/direto-ao-ponto\/#website\",\"url\":\"https:\/\/arenacp.com.br\/direto-ao-ponto\/\",\"name\":\"Direto ao Ponto\",\"description\":\"\",\"potentialAction\":[{\"@type\":\"SearchAction\",\"target\":{\"@type\":\"EntryPoint\",\"urlTemplate\":\"https:\/\/arenacp.com.br\/direto-ao-ponto\/?s={search_term_string}\"},\"query-input\":\"required name=search_term_string\"}],\"inLanguage\":\"pt-BR\"},{\"@type\":\"WebPage\",\"@id\":\"https:\/\/arenacp.com.br\/direto-ao-ponto\/\",\"url\":\"https:\/\/arenacp.com.br\/direto-ao-ponto\/\",\"name\":\"Direto ao Ponto\",\"isPartOf\":{\"@id\":\"https:\/\/arenacp.com.br\/direto-ao-ponto\/#website\"},\"datePublished\":\"2020-06-30T19:56:28+00:00\",\"dateModified\":\"2026-02-11T14:02:45+00:00\",\"description\":\"O programa Direto ao Ponto foi idealizado por Juju Cizzoto e Carlinhos Pinheiro e mostrar\u00e1 que al\u00e9m de gl\u00f3ria e emo\u00e7\u00e3o o rodeio \u00e9 feito de muito trabalho, esfor\u00e7o e dedica\u00e7\u00e3o!\",\"breadcrumb\":{\"@id\":\"https:\/\/arenacp.com.br\/direto-ao-ponto\/#breadcrumb\"},\"inLanguage\":\"pt-BR\",\"potentialAction\":[{\"@type\":\"ReadAction\",\"target\":[\"https:\/\/arenacp.com.br\/direto-ao-ponto\/\"]}]},{\"@type\":\"BreadcrumbList\",\"@id\":\"https:\/\/arenacp.com.br\/direto-ao-ponto\/#breadcrumb\",\"itemListElement\":[{\"@type\":\"ListItem\",\"position\":1,\"name\":\"In\u00edcio\",\"item\":\"https:\/\/arenacp.com.br\/direto-ao-ponto\/\"},{\"@type\":\"ListItem\",\"position\":2,\"name\":\"Home\"}]}]}<\/script>\n<!-- \/ Yoast SEO plugin. -->","yoast_head_json":{"title":"Direto ao Ponto","description":"O programa Direto ao Ponto foi idealizado por Juju Cizzoto e Carlinhos Pinheiro e mostrar\u00e1 que al\u00e9m de gl\u00f3ria e emo\u00e7\u00e3o o rodeio \u00e9 feito de muito trabalho, esfor\u00e7o e dedica\u00e7\u00e3o!","robots":{"index":"index","follow":"follow","max-snippet":"max-snippet:-1","max-image-preview":"max-image-preview:large","max-video-preview":"max-video-preview:-1"},"canonical":"https:\/\/arenacp.com.br\/direto-ao-ponto\/","og_locale":"pt_BR","og_type":"article","og_title":"Direto ao Ponto","og_description":"O programa Direto ao Ponto foi idealizado por Juju Cizzoto e Carlinhos Pinheiro e mostrar\u00e1 que al\u00e9m de gl\u00f3ria e emo\u00e7\u00e3o o rodeio \u00e9 feito de muito trabalho, esfor\u00e7o e dedica\u00e7\u00e3o!","og_url":"https:\/\/arenacp.com.br\/direto-ao-ponto\/","og_site_name":"Direto ao Ponto","article_modified_time":"2026-02-11T14:02:45+00:00","og_image":[{"width":1200,"height":630,"url":"https:\/\/arenacp.com.br\/direto-ao-ponto\/wp-content\/uploads\/2026\/02\/diretoaoponto-facebook.jpg","type":"image\/jpeg"}],"twitter_card":"summary_large_image","twitter_title":"Direto ao Ponto","twitter_description":"O programa Direto ao Ponto foi idealizado por Juju Cizzoto e Carlinhos Pinheiro e mostrar\u00e1 que al\u00e9m de gl\u00f3ria e emo\u00e7\u00e3o o rodeio \u00e9 feito de muito trabalho, esfor\u00e7o e dedica\u00e7\u00e3o!","twitter_image":"https:\/\/arenacp.com.br\/direto-ao-ponto\/wp-content\/uploads\/2026\/02\/diretoaoponto-twitter.jpg","twitter_misc":{"Est. tempo de leitura":"1 minuto"},"schema":{"@context":"https:\/\/schema.org","@graph":[{"@type":"WebSite","@id":"https:\/\/arenacp.com.br\/direto-ao-ponto\/#website","url":"https:\/\/arenacp.com.br\/direto-ao-ponto\/","name":"Direto ao Ponto","description":"","potentialAction":[{"@type":"SearchAction","target":{"@type":"EntryPoint","urlTemplate":"https:\/\/arenacp.com.br\/direto-ao-ponto\/?s={search_term_string}"},"query-input":"required name=search_term_string"}],"inLanguage":"pt-BR"},{"@type":"WebPage","@id":"https:\/\/arenacp.com.br\/direto-ao-ponto\/","url":"https:\/\/arenacp.com.br\/direto-ao-ponto\/","name":"Direto ao Ponto","isPartOf":{"@id":"https:\/\/arenacp.com.br\/direto-ao-ponto\/#website"},"datePublished":"2020-06-30T19:56:28+00:00","dateModified":"2026-02-11T14:02:45+00:00","description":"O programa Direto ao Ponto foi idealizado por Juju Cizzoto e Carlinhos Pinheiro e mostrar\u00e1 que al\u00e9m de gl\u00f3ria e emo\u00e7\u00e3o o rodeio \u00e9 feito de muito trabalho, esfor\u00e7o e dedica\u00e7\u00e3o!","breadcrumb":{"@id":"https:\/\/arenacp.com.br\/direto-ao-ponto\/#breadcrumb"},"inLanguage":"pt-BR","potentialAction":[{"@type":"ReadAction","target":["https:\/\/arenacp.com.br\/direto-ao-ponto\/"]}]},{"@type":"BreadcrumbList","@id":"https:\/\/arenacp.com.br\/direto-ao-ponto\/#breadcrumb","itemListElement":[{"@type":"ListItem","position":1,"name":"In\u00edcio","item":"https:\/\/arenacp.com.br\/direto-ao-ponto\/"},{"@type":"ListItem","position":2,"name":"Home"}]}]}},"_links":{"self":[{"href":"https:\/\/arenacp.com.br\/direto-ao-ponto\/wp-json\/wp\/v2\/pages\/22","targetHints":{"allow":["GET"]}}],"collection":[{"href":"https:\/\/arenacp.com.br\/direto-ao-ponto\/wp-json\/wp\/v2\/pages"}],"about":[{"href":"https:\/\/arenacp.com.br\/direto-ao-ponto\/wp-json\/wp\/v2\/types\/page"}],"author":[{"embeddable":true,"href":"https:\/\/arenacp.com.br\/direto-ao-ponto\/wp-json\/wp\/v2\/users\/1"}],"replies":[{"embeddable":true,"href":"https:\/\/arenacp.com.br\/direto-ao-ponto\/wp-json\/wp\/v2\/comments?post=22"}],"version-history":[{"count":33,"href":"https:\/\/arenacp.com.br\/direto-ao-ponto\/wp-json\/wp\/v2\/pages\/22\/revisions"}],"predecessor-version":[{"id":3422,"href":"https:\/\/arenacp.com.br\/direto-ao-ponto\/wp-json\/wp\/v2\/pages\/22\/revisions\/3422"}],"wp:attachment":[{"href":"https:\/\/arenacp.com.br\/direto-ao-ponto\/wp-json\/wp\/v2\/media?parent=22"}],"curies":[{"name":"wp","href":"https:\/\/api.w.org\/{rel}","templated":true}]}}