
{"id":49,"date":"2018-12-13T15:37:37","date_gmt":"2018-12-13T17:37:37","guid":{"rendered":"https:\/\/arenacp.com.br\/carlinhos-pinheiro\/?page_id=49"},"modified":"2026-02-09T17:13:17","modified_gmt":"2026-02-09T20:13:17","slug":"empresa","status":"publish","type":"page","link":"https:\/\/arenacp.com.br\/carlinhos-pinheiro\/empresa\/","title":{"rendered":"Empresa"},"content":{"rendered":"\n<h1>\n\t\t<i>EMPRESA<\/i>\n\t<\/h1>\n<h1>\n\t\t<i>CONHE\u00c7A AS EMPRESAS DO GRUPO ARENA CP<\/i>\n\t<\/h1>\n\tO <strong data-start=\"153\" data-end=\"171\">Grupo Arena CP<\/strong> \u00e9 um ecossistema de empresas de comunica\u00e7\u00e3o que se conecta com o p\u00fablico por meio de conte\u00fado de qualidade, informa\u00e7\u00e3o estrat\u00e9gica e presen\u00e7a marcante no agroneg\u00f3cio, no jornalismo regional e na m\u00eddia audiovisual. Com uma atua\u00e7\u00e3o que vai al\u00e9m da simples produ\u00e7\u00e3o de conte\u00fado, o grupo tem se consolidado como refer\u00eancia para quem busca informa\u00e7\u00e3o relevante, inspira\u00e7\u00e3o e conex\u00e3o com a realidade do campo e dos neg\u00f3cios.\nNo cora\u00e7\u00e3o dessa estrutura est\u00e1 a poderosa <strong data-start=\"673\" data-end=\"698\">Revista Country Fever<\/strong> &#8211; uma publica\u00e7\u00e3o que conquistou o topo do segmento no Brasil ao se tornar a principal refer\u00eancia em cobertura e tend\u00eancias do agroneg\u00f3cio, circulando nos principais eventos e impactando diretamente produtores, empres\u00e1rios e l\u00edderes rurais da regi\u00e3o de Rio Preto e do Noroeste Paulista.\nNo universo da televis\u00e3o, o Grupo Arena CP atua com uma produtora pr\u00f3pria que leva ao p\u00fablico tr\u00eas programas ao vivo todas as semanas, entre eles o <strong data-start=\"1479\" data-end=\"1496\">Arena News<\/strong>, <strong data-start=\"1500\" data-end=\"1524\">Arena Aberta<\/strong>,<strong data-start=\"1500\" data-end=\"1524\"> CP na Poltrona<\/strong>, <strong data-start=\"1529\" data-end=\"1560\">Programa Carlinhos Pinheiro <\/strong>e o<strong data-start=\"1529\" data-end=\"1560\"> Direto ao Ponto<\/strong> &#8211; cada um com seu estilo, mas todos comprometidos em trazer debates consistentes, entrevistas com convidados influentes e perspectivas que enriquecem o di\u00e1logo com o p\u00fablico.\nEssa diversidade de formatos &#8211; impressa, sonora e audiovisual &#8211; faz do Grupo Arena CP uma pot\u00eancia no cen\u00e1rio de comunica\u00e7\u00e3o regional, capaz de integrar diferentes plataformas para contar hist\u00f3rias que importam, aproximar pessoas e criar impacto real na vida de sua audi\u00eancia.\n\t\t\t\t<img loading=\"lazy\" src=\"https:\/\/arenacp.com.br\/carlinhos-pinheiro\/wp-content\/uploads\/2026\/02\/LOGOS.png\" alt=\"LOGOS\" itemprop=\"image\" height=\"379\" width=\"300\" title=\"LOGOS\" onerror=\"this.style.display='none'\"  \/>\n<h1>\n\t\tCONHE\u00c7A ALGUMAS EMPRESAS DO GRUPO\n\t<\/h1>\n\t\t\t\t<a href=\"https:\/\/arenacp.com.br\/revista-country-fever\/\" target=\"_blank\" rel=\"noopener\" itemprop=\"url\">\n\t\t\t\t<img loading=\"lazy\" src=\"https:\/\/arenacp.com.br\/carlinhos-pinheiro\/wp-content\/uploads\/2018\/12\/COUNTRY-FEVER-2.png\" alt=\"COUNTRY-FEVER\" itemprop=\"image\" height=\"284\" width=\"217\" title=\"COUNTRY-FEVER\" onerror=\"this.style.display='none'\"  \/>\n\t\t\t\t<\/a>\n\t\t\t\t<a href=\"https:\/\/www.youtube.com\/playlist?list=PLUQEI4yyCka54A8rZrUIe5I9D7VYXbLfQ\" target=\"_blank\" rel=\"noopener\" itemprop=\"url\">\n\t\t\t\t<img loading=\"lazy\" src=\"https:\/\/arenacp.com.br\/carlinhos-pinheiro\/wp-content\/uploads\/2018\/12\/CARLINHOS-PINHEIRO-5.png\" alt=\"CARLINHOS-PINHEIRO\" itemprop=\"image\" height=\"284\" width=\"234\" title=\"CARLINHOS-PINHEIRO\" onerror=\"this.style.display='none'\"  \/>\n\t\t\t\t<\/a>\n\t\t\t\t<a href=\"https:\/\/www.youtube.com\/playlist?list=PLUQEI4yyCka4f9XG70xaDyhrw3YkCk0qR\" target=\"_blank\" rel=\"noopener\" itemprop=\"url\">\n\t\t\t\t<img loading=\"lazy\" src=\"https:\/\/arenacp.com.br\/carlinhos-pinheiro\/wp-content\/uploads\/2018\/12\/ARENA-NEWS-3.png\" alt=\"ARENA-NEWS\" itemprop=\"image\" height=\"284\" width=\"217\" title=\"ARENA-NEWS\" onerror=\"this.style.display='none'\"  \/>\n\t\t\t\t<\/a>\n\t\t\t\t<a href=\"https:\/\/www.youtube.com\/playlist?list=PLUQEI4yyCka76ypg3FeDh1kWFDRQHWj-c\" target=\"_blank\" rel=\"noopener\" itemprop=\"url\">\n\t\t\t\t<img loading=\"lazy\" src=\"https:\/\/arenacp.com.br\/carlinhos-pinheiro\/wp-content\/uploads\/2018\/12\/ARENA-CP-POLTRONA-2.png\" alt=\"ARENA-CP-POLTRONA\" itemprop=\"image\" height=\"284\" width=\"217\" title=\"ARENA-CP-POLTRONA\" onerror=\"this.style.display='none'\"  \/>\n\t\t\t\t<\/a>\n\t\t\t\t<a href=\"https:\/\/www.youtube.com\/playlist?list=PLUQEI4yyCka5T7bSWYfKHTwpKcL3iTdXH\" target=\"_blank\" rel=\"noopener\" itemprop=\"url\">\n\t\t\t\t<img loading=\"lazy\" src=\"https:\/\/arenacp.com.br\/carlinhos-pinheiro\/wp-content\/uploads\/2018\/12\/ARENA-ABERTA-3.png\" alt=\"ARENA-ABERTA\" itemprop=\"image\" height=\"284\" width=\"217\" title=\"ARENA-ABERTA\" onerror=\"this.style.display='none'\"  \/>\n\t\t\t\t<\/a>\n\t\t\t\t<a href=\"https:\/\/www.youtube.com\/playlist?list=PLUQEI4yyCka4Lv-cuZIwqmDRz8uSRxQpX\" target=\"_blank\" rel=\"noopener\" itemprop=\"url\">\n\t\t\t\t<img loading=\"lazy\" src=\"https:\/\/arenacp.com.br\/carlinhos-pinheiro\/wp-content\/uploads\/2018\/12\/DIRETO-AO-PONTO-2.png\" alt=\"DIRETO-AO-PONTO\" itemprop=\"image\" height=\"284\" width=\"217\" title=\"DIRETO-AO-PONTO\" onerror=\"this.style.display='none'\"  \/>\n\t\t\t\t<\/a>\n\t\t\t<a href=\"https:\/\/arenacp.com.br\/\" target=\"_self\" role=\"button\" rel=\"noopener\">\n\t\t\t\t\t\t\tConfira todas em nosso portal\n\t\t\t\t\t<\/a>\n\n","protected":false},"excerpt":{"rendered":"<p>EMPRESA CONHE\u00c7A AS EMPRESAS DO GRUPO ARENA CP O Grupo Arena CP \u00e9 um ecossistema de empresas de comunica\u00e7\u00e3o que se conecta com o p\u00fablico por meio de conte\u00fado de qualidade, informa\u00e7\u00e3o estrat\u00e9gica e presen\u00e7a marcante no agroneg\u00f3cio, no jornalismo regional e na m\u00eddia audiovisual. Com uma atua\u00e7\u00e3o que vai al\u00e9m da simples produ\u00e7\u00e3o de&hellip;<\/p>\n","protected":false},"author":5,"featured_media":0,"parent":0,"menu_order":5,"comment_status":"closed","ping_status":"closed","template":"","meta":{"_mi_skip_tracking":false},"yoast_head":"<!-- This site is optimized with the Yoast SEO plugin v19.4 - https:\/\/yoast.com\/wordpress\/plugins\/seo\/ -->\n<title>Empresa - Carlinhos Pinheiro<\/title>\n<meta name=\"robots\" content=\"index, follow, max-snippet:-1, max-image-preview:large, max-video-preview:-1\" \/>\n<link rel=\"canonical\" href=\"https:\/\/arenacp.com.br\/carlinhos-pinheiro\/empresa\/\" \/>\n<meta property=\"og:locale\" content=\"pt_BR\" \/>\n<meta property=\"og:type\" content=\"article\" \/>\n<meta property=\"og:title\" content=\"Empresa - Carlinhos Pinheiro\" \/>\n<meta property=\"og:description\" content=\"EMPRESA CONHE\u00c7A AS EMPRESAS DO GRUPO ARENA CP O Grupo Arena CP \u00e9 um ecossistema de empresas de comunica\u00e7\u00e3o que se conecta com o p\u00fablico por meio de conte\u00fado de qualidade, informa\u00e7\u00e3o estrat\u00e9gica e presen\u00e7a marcante no agroneg\u00f3cio, no jornalismo regional e na m\u00eddia audiovisual. Com uma atua\u00e7\u00e3o que vai al\u00e9m da simples produ\u00e7\u00e3o de&hellip;\" \/>\n<meta property=\"og:url\" content=\"https:\/\/arenacp.com.br\/carlinhos-pinheiro\/empresa\/\" \/>\n<meta property=\"og:site_name\" content=\"Carlinhos Pinheiro\" \/>\n<meta property=\"article:modified_time\" content=\"2026-02-09T20:13:17+00:00\" \/>\n<meta property=\"og:image\" content=\"https:\/\/arenacp.com.br\/carlinhos-pinheiro\/wp-content\/uploads\/2026\/02\/LOGOS.png\" \/>\n<meta name=\"twitter:card\" content=\"summary_large_image\" \/>\n<meta name=\"twitter:label1\" content=\"Est. tempo de leitura\" \/>\n\t<meta name=\"twitter:data1\" content=\"1 minuto\" \/>\n<script type=\"application\/ld+json\" class=\"yoast-schema-graph\">{\"@context\":\"https:\/\/schema.org\",\"@graph\":[{\"@type\":\"WebSite\",\"@id\":\"https:\/\/arenacp.com.br\/carlinhos-pinheiro\/#website\",\"url\":\"https:\/\/arenacp.com.br\/carlinhos-pinheiro\/\",\"name\":\"Carlinhos Pinheiro\",\"description\":\"\",\"potentialAction\":[{\"@type\":\"SearchAction\",\"target\":{\"@type\":\"EntryPoint\",\"urlTemplate\":\"https:\/\/arenacp.com.br\/carlinhos-pinheiro\/?s={search_term_string}\"},\"query-input\":\"required name=search_term_string\"}],\"inLanguage\":\"pt-BR\"},{\"@type\":\"WebPage\",\"@id\":\"https:\/\/arenacp.com.br\/carlinhos-pinheiro\/empresa\/\",\"url\":\"https:\/\/arenacp.com.br\/carlinhos-pinheiro\/empresa\/\",\"name\":\"Empresa - Carlinhos Pinheiro\",\"isPartOf\":{\"@id\":\"https:\/\/arenacp.com.br\/carlinhos-pinheiro\/#website\"},\"datePublished\":\"2018-12-13T17:37:37+00:00\",\"dateModified\":\"2026-02-09T20:13:17+00:00\",\"breadcrumb\":{\"@id\":\"https:\/\/arenacp.com.br\/carlinhos-pinheiro\/empresa\/#breadcrumb\"},\"inLanguage\":\"pt-BR\",\"potentialAction\":[{\"@type\":\"ReadAction\",\"target\":[\"https:\/\/arenacp.com.br\/carlinhos-pinheiro\/empresa\/\"]}]},{\"@type\":\"BreadcrumbList\",\"@id\":\"https:\/\/arenacp.com.br\/carlinhos-pinheiro\/empresa\/#breadcrumb\",\"itemListElement\":[{\"@type\":\"ListItem\",\"position\":1,\"name\":\"In\u00edcio\",\"item\":\"https:\/\/arenacp.com.br\/carlinhos-pinheiro\/\"},{\"@type\":\"ListItem\",\"position\":2,\"name\":\"Empresa\"}]}]}<\/script>\n<!-- \/ Yoast SEO plugin. -->","yoast_head_json":{"title":"Empresa - Carlinhos Pinheiro","robots":{"index":"index","follow":"follow","max-snippet":"max-snippet:-1","max-image-preview":"max-image-preview:large","max-video-preview":"max-video-preview:-1"},"canonical":"https:\/\/arenacp.com.br\/carlinhos-pinheiro\/empresa\/","og_locale":"pt_BR","og_type":"article","og_title":"Empresa - Carlinhos Pinheiro","og_description":"EMPRESA CONHE\u00c7A AS EMPRESAS DO GRUPO ARENA CP O Grupo Arena CP \u00e9 um ecossistema de empresas de comunica\u00e7\u00e3o que se conecta com o p\u00fablico por meio de conte\u00fado de qualidade, informa\u00e7\u00e3o estrat\u00e9gica e presen\u00e7a marcante no agroneg\u00f3cio, no jornalismo regional e na m\u00eddia audiovisual. Com uma atua\u00e7\u00e3o que vai al\u00e9m da simples produ\u00e7\u00e3o de&hellip;","og_url":"https:\/\/arenacp.com.br\/carlinhos-pinheiro\/empresa\/","og_site_name":"Carlinhos Pinheiro","article_modified_time":"2026-02-09T20:13:17+00:00","og_image":[{"url":"https:\/\/arenacp.com.br\/carlinhos-pinheiro\/wp-content\/uploads\/2026\/02\/LOGOS.png"}],"twitter_card":"summary_large_image","twitter_misc":{"Est. tempo de leitura":"1 minuto"},"schema":{"@context":"https:\/\/schema.org","@graph":[{"@type":"WebSite","@id":"https:\/\/arenacp.com.br\/carlinhos-pinheiro\/#website","url":"https:\/\/arenacp.com.br\/carlinhos-pinheiro\/","name":"Carlinhos Pinheiro","description":"","potentialAction":[{"@type":"SearchAction","target":{"@type":"EntryPoint","urlTemplate":"https:\/\/arenacp.com.br\/carlinhos-pinheiro\/?s={search_term_string}"},"query-input":"required name=search_term_string"}],"inLanguage":"pt-BR"},{"@type":"WebPage","@id":"https:\/\/arenacp.com.br\/carlinhos-pinheiro\/empresa\/","url":"https:\/\/arenacp.com.br\/carlinhos-pinheiro\/empresa\/","name":"Empresa - Carlinhos Pinheiro","isPartOf":{"@id":"https:\/\/arenacp.com.br\/carlinhos-pinheiro\/#website"},"datePublished":"2018-12-13T17:37:37+00:00","dateModified":"2026-02-09T20:13:17+00:00","breadcrumb":{"@id":"https:\/\/arenacp.com.br\/carlinhos-pinheiro\/empresa\/#breadcrumb"},"inLanguage":"pt-BR","potentialAction":[{"@type":"ReadAction","target":["https:\/\/arenacp.com.br\/carlinhos-pinheiro\/empresa\/"]}]},{"@type":"BreadcrumbList","@id":"https:\/\/arenacp.com.br\/carlinhos-pinheiro\/empresa\/#breadcrumb","itemListElement":[{"@type":"ListItem","position":1,"name":"In\u00edcio","item":"https:\/\/arenacp.com.br\/carlinhos-pinheiro\/"},{"@type":"ListItem","position":2,"name":"Empresa"}]}]}},"_links":{"self":[{"href":"https:\/\/arenacp.com.br\/carlinhos-pinheiro\/wp-json\/wp\/v2\/pages\/49"}],"collection":[{"href":"https:\/\/arenacp.com.br\/carlinhos-pinheiro\/wp-json\/wp\/v2\/pages"}],"about":[{"href":"https:\/\/arenacp.com.br\/carlinhos-pinheiro\/wp-json\/wp\/v2\/types\/page"}],"author":[{"embeddable":true,"href":"https:\/\/arenacp.com.br\/carlinhos-pinheiro\/wp-json\/wp\/v2\/users\/5"}],"replies":[{"embeddable":true,"href":"https:\/\/arenacp.com.br\/carlinhos-pinheiro\/wp-json\/wp\/v2\/comments?post=49"}],"version-history":[{"count":8,"href":"https:\/\/arenacp.com.br\/carlinhos-pinheiro\/wp-json\/wp\/v2\/pages\/49\/revisions"}],"predecessor-version":[{"id":80846,"href":"https:\/\/arenacp.com.br\/carlinhos-pinheiro\/wp-json\/wp\/v2\/pages\/49\/revisions\/80846"}],"wp:attachment":[{"href":"https:\/\/arenacp.com.br\/carlinhos-pinheiro\/wp-json\/wp\/v2\/media?parent=49"}],"curies":[{"name":"wp","href":"https:\/\/api.w.org\/{rel}","templated":true}]}}