
{"id":172,"date":"2018-12-21T17:04:34","date_gmt":"2018-12-21T19:04:34","guid":{"rendered":"https:\/\/arenacp.com.br\/arena-news-tv\/?page_id=172"},"modified":"2026-02-10T08:34:35","modified_gmt":"2026-02-10T11:34:35","slug":"programa-cp-na-poltrona","status":"publish","type":"page","link":"https:\/\/arenacp.com.br\/arena-news-tv\/programa-cp-na-poltrona\/","title":{"rendered":"Programa CP na Poltrona"},"content":{"rendered":"<h1>\n\t\t<i>PROGRAMA CP NA POLTRONA<\/i>\n\t<\/h1>\n\t<p>O CP na Poltrona, apresentado por <strong>Carlinhos Pinheiro<\/strong>, \u00e9 um talk show empresarial que vai ao ar toda <strong>quinta-feira, \u00e0s 15h30<\/strong>, reunindo empres\u00e1rios, l\u00edderes e profissionais para conversas estrat\u00e9gicas, troca de experi\u00eancias e hist\u00f3rias que inspiram o mundo dos neg\u00f3cios, com exibi\u00e7\u00e3o pela <strong>TV Morada do Sol, TV Rio Preto<\/strong> e tamb\u00e9m no <strong>YouTube.<\/strong><\/p>\n\t<center>\r\n        <iframe src=\"https:\/\/www.youtube.com\/embed\/F95Y4cUL7ro\/?rel=0\" frameborder=\"0\" allow=\"accelerometer; autoplay; encrypted-media; gyroscope; picture-in-picture\" allowfullscreen style=\"width: 100%;\" class=\"youtube-video\"><\/iframe>\r\n\r\n    <\/center>\n\t\t\t<a href=\"https:\/\/arenacp.com.br\/arena-news-tv\/ultimos_programas_po\/\" target=\"_self\" role=\"button\" rel=\"noopener\">\n\t\t\t\t\t\t\tProgramas anteriores\n\t\t\t\t\t<\/a>\n\t\t\t\t<img loading=\"lazy\" src=\"https:\/\/arenacp.com.br\/arena-news-tv\/wp-content\/uploads\/2022\/11\/foto.png\" alt=\"foto\" itemprop=\"image\" height=\"550\" width=\"658\" title=\"foto\" onerror=\"this.style.display='none'\"  \/>\n<h2>\n\t\t<a href=\"https:\/\/arenacp.com.br\/arena-news-tv\/galerias_poltrona\/\" title=\"GALERIA DE FOTOS - PROGRAMA CP NA POLTRONA\" target=\"_self\" rel=\"noopener\">\n\t\tGALERIA DE FOTOS &#8211; PROGRAMA CP NA POLTRONA\n\t\t<\/a>\n\t<\/h2>\n","protected":false},"excerpt":{"rendered":"<p>PROGRAMA CP NA POLTRONA O CP na Poltrona, apresentado por Carlinhos Pinheiro, \u00e9 um talk show empresarial que vai ao ar toda quinta-feira, \u00e0s 15h30, reunindo empres\u00e1rios, l\u00edderes e profissionais para conversas estrat\u00e9gicas, troca de experi\u00eancias e hist\u00f3rias que inspiram o mundo dos neg\u00f3cios, com exibi\u00e7\u00e3o pela TV Morada do Sol, TV Rio Preto e&hellip;<\/p>\n","protected":false},"author":1,"featured_media":0,"parent":0,"menu_order":5,"comment_status":"closed","ping_status":"closed","template":"","meta":{"_mi_skip_tracking":false},"yoast_head":"<!-- This site is optimized with the Yoast SEO plugin v19.4 - https:\/\/yoast.com\/wordpress\/plugins\/seo\/ -->\n<title>Programa CP na Poltrona - Programa Arena News TV<\/title>\n<meta name=\"robots\" content=\"index, follow, max-snippet:-1, max-image-preview:large, max-video-preview:-1\" \/>\n<link rel=\"canonical\" href=\"https:\/\/arenacp.com.br\/arena-news-tv\/programa-cp-na-poltrona\/\" \/>\n<meta property=\"og:locale\" content=\"pt_BR\" \/>\n<meta property=\"og:type\" content=\"article\" \/>\n<meta property=\"og:title\" content=\"Programa CP na Poltrona - Programa Arena News TV\" \/>\n<meta property=\"og:description\" content=\"PROGRAMA CP NA POLTRONA O CP na Poltrona, apresentado por Carlinhos Pinheiro, \u00e9 um talk show empresarial que vai ao ar toda quinta-feira, \u00e0s 15h30, reunindo empres\u00e1rios, l\u00edderes e profissionais para conversas estrat\u00e9gicas, troca de experi\u00eancias e hist\u00f3rias que inspiram o mundo dos neg\u00f3cios, com exibi\u00e7\u00e3o pela TV Morada do Sol, TV Rio Preto e&hellip;\" \/>\n<meta property=\"og:url\" content=\"https:\/\/arenacp.com.br\/arena-news-tv\/programa-cp-na-poltrona\/\" \/>\n<meta property=\"og:site_name\" content=\"Programa Arena News TV\" \/>\n<meta property=\"article:modified_time\" content=\"2026-02-10T11:34:35+00:00\" \/>\n<meta property=\"og:image\" content=\"https:\/\/arenacp.com.br\/arena-news-tv\/wp-content\/uploads\/2022\/11\/foto.png\" \/>\n<meta name=\"twitter:card\" content=\"summary_large_image\" \/>\n<script type=\"application\/ld+json\" class=\"yoast-schema-graph\">{\"@context\":\"https:\/\/schema.org\",\"@graph\":[{\"@type\":\"WebSite\",\"@id\":\"https:\/\/arenacp.com.br\/arena-news-tv\/#website\",\"url\":\"https:\/\/arenacp.com.br\/arena-news-tv\/\",\"name\":\"Programa Arena News TV\",\"description\":\"\",\"potentialAction\":[{\"@type\":\"SearchAction\",\"target\":{\"@type\":\"EntryPoint\",\"urlTemplate\":\"https:\/\/arenacp.com.br\/arena-news-tv\/?s={search_term_string}\"},\"query-input\":\"required name=search_term_string\"}],\"inLanguage\":\"pt-BR\"},{\"@type\":\"WebPage\",\"@id\":\"https:\/\/arenacp.com.br\/arena-news-tv\/programa-cp-na-poltrona\/\",\"url\":\"https:\/\/arenacp.com.br\/arena-news-tv\/programa-cp-na-poltrona\/\",\"name\":\"Programa CP na Poltrona - Programa Arena News TV\",\"isPartOf\":{\"@id\":\"https:\/\/arenacp.com.br\/arena-news-tv\/#website\"},\"datePublished\":\"2018-12-21T19:04:34+00:00\",\"dateModified\":\"2026-02-10T11:34:35+00:00\",\"breadcrumb\":{\"@id\":\"https:\/\/arenacp.com.br\/arena-news-tv\/programa-cp-na-poltrona\/#breadcrumb\"},\"inLanguage\":\"pt-BR\",\"potentialAction\":[{\"@type\":\"ReadAction\",\"target\":[\"https:\/\/arenacp.com.br\/arena-news-tv\/programa-cp-na-poltrona\/\"]}]},{\"@type\":\"BreadcrumbList\",\"@id\":\"https:\/\/arenacp.com.br\/arena-news-tv\/programa-cp-na-poltrona\/#breadcrumb\",\"itemListElement\":[{\"@type\":\"ListItem\",\"position\":1,\"name\":\"Home\",\"item\":\"https:\/\/arenacp.com.br\/arena-news-tv\/\"},{\"@type\":\"ListItem\",\"position\":2,\"name\":\"Programa CP na Poltrona\"}]}]}<\/script>\n<!-- \/ Yoast SEO plugin. -->","yoast_head_json":{"title":"Programa CP na Poltrona - Programa Arena News TV","robots":{"index":"index","follow":"follow","max-snippet":"max-snippet:-1","max-image-preview":"max-image-preview:large","max-video-preview":"max-video-preview:-1"},"canonical":"https:\/\/arenacp.com.br\/arena-news-tv\/programa-cp-na-poltrona\/","og_locale":"pt_BR","og_type":"article","og_title":"Programa CP na Poltrona - Programa Arena News TV","og_description":"PROGRAMA CP NA POLTRONA O CP na Poltrona, apresentado por Carlinhos Pinheiro, \u00e9 um talk show empresarial que vai ao ar toda quinta-feira, \u00e0s 15h30, reunindo empres\u00e1rios, l\u00edderes e profissionais para conversas estrat\u00e9gicas, troca de experi\u00eancias e hist\u00f3rias que inspiram o mundo dos neg\u00f3cios, com exibi\u00e7\u00e3o pela TV Morada do Sol, TV Rio Preto e&hellip;","og_url":"https:\/\/arenacp.com.br\/arena-news-tv\/programa-cp-na-poltrona\/","og_site_name":"Programa Arena News TV","article_modified_time":"2026-02-10T11:34:35+00:00","og_image":[{"url":"https:\/\/arenacp.com.br\/arena-news-tv\/wp-content\/uploads\/2022\/11\/foto.png"}],"twitter_card":"summary_large_image","schema":{"@context":"https:\/\/schema.org","@graph":[{"@type":"WebSite","@id":"https:\/\/arenacp.com.br\/arena-news-tv\/#website","url":"https:\/\/arenacp.com.br\/arena-news-tv\/","name":"Programa Arena News TV","description":"","potentialAction":[{"@type":"SearchAction","target":{"@type":"EntryPoint","urlTemplate":"https:\/\/arenacp.com.br\/arena-news-tv\/?s={search_term_string}"},"query-input":"required name=search_term_string"}],"inLanguage":"pt-BR"},{"@type":"WebPage","@id":"https:\/\/arenacp.com.br\/arena-news-tv\/programa-cp-na-poltrona\/","url":"https:\/\/arenacp.com.br\/arena-news-tv\/programa-cp-na-poltrona\/","name":"Programa CP na Poltrona - Programa Arena News TV","isPartOf":{"@id":"https:\/\/arenacp.com.br\/arena-news-tv\/#website"},"datePublished":"2018-12-21T19:04:34+00:00","dateModified":"2026-02-10T11:34:35+00:00","breadcrumb":{"@id":"https:\/\/arenacp.com.br\/arena-news-tv\/programa-cp-na-poltrona\/#breadcrumb"},"inLanguage":"pt-BR","potentialAction":[{"@type":"ReadAction","target":["https:\/\/arenacp.com.br\/arena-news-tv\/programa-cp-na-poltrona\/"]}]},{"@type":"BreadcrumbList","@id":"https:\/\/arenacp.com.br\/arena-news-tv\/programa-cp-na-poltrona\/#breadcrumb","itemListElement":[{"@type":"ListItem","position":1,"name":"Home","item":"https:\/\/arenacp.com.br\/arena-news-tv\/"},{"@type":"ListItem","position":2,"name":"Programa CP na Poltrona"}]}]}},"_links":{"self":[{"href":"https:\/\/arenacp.com.br\/arena-news-tv\/wp-json\/wp\/v2\/pages\/172"}],"collection":[{"href":"https:\/\/arenacp.com.br\/arena-news-tv\/wp-json\/wp\/v2\/pages"}],"about":[{"href":"https:\/\/arenacp.com.br\/arena-news-tv\/wp-json\/wp\/v2\/types\/page"}],"author":[{"embeddable":true,"href":"https:\/\/arenacp.com.br\/arena-news-tv\/wp-json\/wp\/v2\/users\/1"}],"replies":[{"embeddable":true,"href":"https:\/\/arenacp.com.br\/arena-news-tv\/wp-json\/wp\/v2\/comments?post=172"}],"version-history":[{"count":16,"href":"https:\/\/arenacp.com.br\/arena-news-tv\/wp-json\/wp\/v2\/pages\/172\/revisions"}],"predecessor-version":[{"id":13460,"href":"https:\/\/arenacp.com.br\/arena-news-tv\/wp-json\/wp\/v2\/pages\/172\/revisions\/13460"}],"wp:attachment":[{"href":"https:\/\/arenacp.com.br\/arena-news-tv\/wp-json\/wp\/v2\/media?parent=172"}],"curies":[{"name":"wp","href":"https:\/\/api.w.org\/{rel}","templated":true}]}}