{"id":22,"date":"2020-06-30T16:56:28","date_gmt":"2020-06-30T19:56:28","guid":{"rendered":"https:\/\/arenacp.com.br\/arena-aberta\/?page_id=22"},"modified":"2026-02-11T11:18:18","modified_gmt":"2026-02-11T14:18:18","slug":"home","status":"publish","type":"page","link":"https:\/\/arenacp.com.br\/arena-aberta\/","title":{"rendered":"Home"},"content":{"rendered":"<h1>\n\t\tARENA ABERTA\n\t<\/h1>\n\t\t\t\t<img loading=\"lazy\" decoding=\"async\" src=\"https:\/\/arenacp.com.br\/arena-aberta\/wp-content\/uploads\/2023\/06\/CAPA-ARENA-ABERTA-AS-10H.jpg\" alt=\"CAPA ARENA ABERTA AS 10H\" itemprop=\"image\" height=\"720\" width=\"1280\" title=\"CAPA ARENA ABERTA AS 10H\" onerror=\"this.style.display='none'\"  \/>\n\t<p>Seja bem-vindo ao Arena Aberta, o novo programa do GRUPO ARENA CP que vai agitar suas manh\u00e3s de domingo, trazendo agro, rodeio, cavalo, sertanejo e entretenimento. Na Band Paulista \u00e0s 10h*.<\/p>\n\t<p>*Caso haja a exibi\u00e7\u00e3o da F\u00f3rmula 1, exibiremos em hor\u00e1rio alternativo, \u00e0s 08h.<\/p>\n\t<center>        <iframe src=\"https:\/\/www.youtube.com\/embed\/shOlZtZRepI\/?rel=0\" frameborder=\"0\" allow=\"accelerometer; autoplay; encrypted-media; gyroscope; picture-in-picture\" allowfullscreen style=\"width: 85%;\" class=\"youtube-video\"><\/iframe>\r\n<\/center>\n\t\t\t<a href=\"https:\/\/arenacp.com.br\/arena-aberta\/ultimos_porgramas_po\" target=\"_self\" role=\"button\" rel=\"noopener\">\n\t\t\t\t\t\t\tCONFIRA OS PROGRAMAS ANTERIORES\n\t\t\t\t\t<\/a>\n","protected":false},"excerpt":{"rendered":"<p>ARENA ABERTA Seja bem-vindo ao Arena Aberta, o novo programa do GRUPO ARENA CP que vai agitar suas manh\u00e3s de domingo, trazendo agro, rodeio, cavalo, sertanejo e entretenimento. Na Band Paulista \u00e0s 10h*. *Caso haja a exibi\u00e7\u00e3o da F\u00f3rmula 1, exibiremos em hor\u00e1rio alternativo, \u00e0s 08h. CONFIRA OS PROGRAMAS ANTERIORES<\/p>\n","protected":false},"author":1,"featured_media":2564,"parent":0,"menu_order":0,"comment_status":"closed","ping_status":"closed","template":"","meta":{"footnotes":""},"yoast_head":"<!-- This site is optimized with the Yoast SEO plugin v22.5 - https:\/\/yoast.com\/wordpress\/plugins\/seo\/ -->\n<title>Arena Aberta<\/title>\n<meta name=\"description\" content=\"O Arena Aberta \u00e9 um programa do GRUPO ARENA CP que vai agitar suas manh\u00e3s de domingo, trazendo agro, rodeio, sertanejo e entretenimento.\" \/>\n<meta name=\"robots\" content=\"index, follow, max-snippet:-1, max-image-preview:large, max-video-preview:-1\" \/>\n<link rel=\"canonical\" href=\"https:\/\/arenacp.com.br\/arena-aberta\/\" \/>\n<meta property=\"og:locale\" content=\"pt_BR\" \/>\n<meta property=\"og:type\" content=\"article\" \/>\n<meta property=\"og:title\" content=\"Arena Aberta\" \/>\n<meta property=\"og:description\" content=\"O Arena Aberta \u00e9 um programa do GRUPO ARENA CP que vai agitar suas manh\u00e3s de domingo, trazendo agro, rodeio, sertanejo e entretenimento.\" \/>\n<meta property=\"og:url\" content=\"https:\/\/arenacp.com.br\/arena-aberta\/\" \/>\n<meta property=\"og:site_name\" content=\"Arena Aberta\" \/>\n<meta property=\"article:modified_time\" content=\"2026-02-11T14:18:18+00:00\" \/>\n<meta property=\"og:image\" content=\"https:\/\/arenacp.com.br\/arena-aberta\/wp-content\/uploads\/2024\/04\/CP23-ARENA-ABERTA-LOGOTIPO-degrade.png\" \/>\n\t<meta property=\"og:image:width\" content=\"4890\" \/>\n\t<meta property=\"og:image:height\" content=\"1720\" \/>\n\t<meta property=\"og:image:type\" content=\"image\/png\" \/>\n<meta name=\"twitter:card\" content=\"summary_large_image\" \/>\n<meta name=\"twitter:title\" content=\"Arena Aberta\" \/>\n<meta name=\"twitter:description\" content=\"O Arena Aberta \u00e9 um programa do GRUPO ARENA CP que vai agitar suas manh\u00e3s de domingo, trazendo agro, rodeio, sertanejo e entretenimento.\" \/>\n<meta name=\"twitter:image\" content=\"https:\/\/arenacp.com.br\/arena-aberta\/wp-content\/uploads\/2024\/04\/CP23-ARENA-ABERTA-LOGOTIPO-degrade.png\" \/>\n<meta name=\"twitter:label1\" content=\"Est. tempo de leitura\" \/>\n\t<meta name=\"twitter:data1\" content=\"1 minuto\" \/>\n<script type=\"application\/ld+json\" class=\"yoast-schema-graph\">{\"@context\":\"https:\/\/schema.org\",\"@graph\":[{\"@type\":\"WebPage\",\"@id\":\"https:\/\/arenacp.com.br\/arena-aberta\/\",\"url\":\"https:\/\/arenacp.com.br\/arena-aberta\/\",\"name\":\"Arena Aberta\",\"isPartOf\":{\"@id\":\"https:\/\/arenacp.com.br\/arena-aberta\/#website\"},\"primaryImageOfPage\":{\"@id\":\"https:\/\/arenacp.com.br\/arena-aberta\/#primaryimage\"},\"image\":{\"@id\":\"https:\/\/arenacp.com.br\/arena-aberta\/#primaryimage\"},\"thumbnailUrl\":\"https:\/\/arenacp.com.br\/arena-aberta\/wp-content\/uploads\/2024\/04\/CP23-ARENA-ABERTA-LOGOTIPO-degrade.png\",\"datePublished\":\"2020-06-30T19:56:28+00:00\",\"dateModified\":\"2026-02-11T14:18:18+00:00\",\"description\":\"O Arena Aberta \u00e9 um programa do GRUPO ARENA CP que vai agitar suas manh\u00e3s de domingo, trazendo agro, rodeio, sertanejo e entretenimento.\",\"breadcrumb\":{\"@id\":\"https:\/\/arenacp.com.br\/arena-aberta\/#breadcrumb\"},\"inLanguage\":\"pt-BR\",\"potentialAction\":[{\"@type\":\"ReadAction\",\"target\":[\"https:\/\/arenacp.com.br\/arena-aberta\/\"]}]},{\"@type\":\"ImageObject\",\"inLanguage\":\"pt-BR\",\"@id\":\"https:\/\/arenacp.com.br\/arena-aberta\/#primaryimage\",\"url\":\"https:\/\/arenacp.com.br\/arena-aberta\/wp-content\/uploads\/2024\/04\/CP23-ARENA-ABERTA-LOGOTIPO-degrade.png\",\"contentUrl\":\"https:\/\/arenacp.com.br\/arena-aberta\/wp-content\/uploads\/2024\/04\/CP23-ARENA-ABERTA-LOGOTIPO-degrade.png\",\"width\":4890,\"height\":1720},{\"@type\":\"BreadcrumbList\",\"@id\":\"https:\/\/arenacp.com.br\/arena-aberta\/#breadcrumb\",\"itemListElement\":[{\"@type\":\"ListItem\",\"position\":1,\"name\":\"In\u00edcio\",\"item\":\"https:\/\/arenacp.com.br\/arena-aberta\/\"},{\"@type\":\"ListItem\",\"position\":2,\"name\":\"Home\"}]},{\"@type\":\"WebSite\",\"@id\":\"https:\/\/arenacp.com.br\/arena-aberta\/#website\",\"url\":\"https:\/\/arenacp.com.br\/arena-aberta\/\",\"name\":\"Arena Aberta\",\"description\":\"\",\"publisher\":{\"@id\":\"https:\/\/arenacp.com.br\/arena-aberta\/#organization\"},\"potentialAction\":[{\"@type\":\"SearchAction\",\"target\":{\"@type\":\"EntryPoint\",\"urlTemplate\":\"https:\/\/arenacp.com.br\/arena-aberta\/?s={search_term_string}\"},\"query-input\":\"required name=search_term_string\"}],\"inLanguage\":\"pt-BR\"},{\"@type\":\"Organization\",\"@id\":\"https:\/\/arenacp.com.br\/arena-aberta\/#organization\",\"name\":\"Arena Aberta\",\"url\":\"https:\/\/arenacp.com.br\/arena-aberta\/\",\"logo\":{\"@type\":\"ImageObject\",\"inLanguage\":\"pt-BR\",\"@id\":\"https:\/\/arenacp.com.br\/arena-aberta\/#\/schema\/logo\/image\/\",\"url\":\"https:\/\/arenacp.com.br\/arena-aberta\/wp-content\/uploads\/2024\/04\/CP23-ARENA-ABERTA-LOGOTIPO-degrade.png\",\"contentUrl\":\"https:\/\/arenacp.com.br\/arena-aberta\/wp-content\/uploads\/2024\/04\/CP23-ARENA-ABERTA-LOGOTIPO-degrade.png\",\"width\":4890,\"height\":1720,\"caption\":\"Arena Aberta\"},\"image\":{\"@id\":\"https:\/\/arenacp.com.br\/arena-aberta\/#\/schema\/logo\/image\/\"}}]}<\/script>\n<!-- \/ Yoast SEO plugin. -->","yoast_head_json":{"title":"Arena Aberta","description":"O Arena Aberta \u00e9 um programa do GRUPO ARENA CP que vai agitar suas manh\u00e3s de domingo, trazendo agro, rodeio, sertanejo e entretenimento.","robots":{"index":"index","follow":"follow","max-snippet":"max-snippet:-1","max-image-preview":"max-image-preview:large","max-video-preview":"max-video-preview:-1"},"canonical":"https:\/\/arenacp.com.br\/arena-aberta\/","og_locale":"pt_BR","og_type":"article","og_title":"Arena Aberta","og_description":"O Arena Aberta \u00e9 um programa do GRUPO ARENA CP que vai agitar suas manh\u00e3s de domingo, trazendo agro, rodeio, sertanejo e entretenimento.","og_url":"https:\/\/arenacp.com.br\/arena-aberta\/","og_site_name":"Arena Aberta","article_modified_time":"2026-02-11T14:18:18+00:00","og_image":[{"width":4890,"height":1720,"url":"https:\/\/arenacp.com.br\/arena-aberta\/wp-content\/uploads\/2024\/04\/CP23-ARENA-ABERTA-LOGOTIPO-degrade.png","type":"image\/png"}],"twitter_card":"summary_large_image","twitter_title":"Arena Aberta","twitter_description":"O Arena Aberta \u00e9 um programa do GRUPO ARENA CP que vai agitar suas manh\u00e3s de domingo, trazendo agro, rodeio, sertanejo e entretenimento.","twitter_image":"https:\/\/arenacp.com.br\/arena-aberta\/wp-content\/uploads\/2024\/04\/CP23-ARENA-ABERTA-LOGOTIPO-degrade.png","twitter_misc":{"Est. tempo de leitura":"1 minuto"},"schema":{"@context":"https:\/\/schema.org","@graph":[{"@type":"WebPage","@id":"https:\/\/arenacp.com.br\/arena-aberta\/","url":"https:\/\/arenacp.com.br\/arena-aberta\/","name":"Arena Aberta","isPartOf":{"@id":"https:\/\/arenacp.com.br\/arena-aberta\/#website"},"primaryImageOfPage":{"@id":"https:\/\/arenacp.com.br\/arena-aberta\/#primaryimage"},"image":{"@id":"https:\/\/arenacp.com.br\/arena-aberta\/#primaryimage"},"thumbnailUrl":"https:\/\/arenacp.com.br\/arena-aberta\/wp-content\/uploads\/2024\/04\/CP23-ARENA-ABERTA-LOGOTIPO-degrade.png","datePublished":"2020-06-30T19:56:28+00:00","dateModified":"2026-02-11T14:18:18+00:00","description":"O Arena Aberta \u00e9 um programa do GRUPO ARENA CP que vai agitar suas manh\u00e3s de domingo, trazendo agro, rodeio, sertanejo e entretenimento.","breadcrumb":{"@id":"https:\/\/arenacp.com.br\/arena-aberta\/#breadcrumb"},"inLanguage":"pt-BR","potentialAction":[{"@type":"ReadAction","target":["https:\/\/arenacp.com.br\/arena-aberta\/"]}]},{"@type":"ImageObject","inLanguage":"pt-BR","@id":"https:\/\/arenacp.com.br\/arena-aberta\/#primaryimage","url":"https:\/\/arenacp.com.br\/arena-aberta\/wp-content\/uploads\/2024\/04\/CP23-ARENA-ABERTA-LOGOTIPO-degrade.png","contentUrl":"https:\/\/arenacp.com.br\/arena-aberta\/wp-content\/uploads\/2024\/04\/CP23-ARENA-ABERTA-LOGOTIPO-degrade.png","width":4890,"height":1720},{"@type":"BreadcrumbList","@id":"https:\/\/arenacp.com.br\/arena-aberta\/#breadcrumb","itemListElement":[{"@type":"ListItem","position":1,"name":"In\u00edcio","item":"https:\/\/arenacp.com.br\/arena-aberta\/"},{"@type":"ListItem","position":2,"name":"Home"}]},{"@type":"WebSite","@id":"https:\/\/arenacp.com.br\/arena-aberta\/#website","url":"https:\/\/arenacp.com.br\/arena-aberta\/","name":"Arena Aberta","description":"","publisher":{"@id":"https:\/\/arenacp.com.br\/arena-aberta\/#organization"},"potentialAction":[{"@type":"SearchAction","target":{"@type":"EntryPoint","urlTemplate":"https:\/\/arenacp.com.br\/arena-aberta\/?s={search_term_string}"},"query-input":"required name=search_term_string"}],"inLanguage":"pt-BR"},{"@type":"Organization","@id":"https:\/\/arenacp.com.br\/arena-aberta\/#organization","name":"Arena Aberta","url":"https:\/\/arenacp.com.br\/arena-aberta\/","logo":{"@type":"ImageObject","inLanguage":"pt-BR","@id":"https:\/\/arenacp.com.br\/arena-aberta\/#\/schema\/logo\/image\/","url":"https:\/\/arenacp.com.br\/arena-aberta\/wp-content\/uploads\/2024\/04\/CP23-ARENA-ABERTA-LOGOTIPO-degrade.png","contentUrl":"https:\/\/arenacp.com.br\/arena-aberta\/wp-content\/uploads\/2024\/04\/CP23-ARENA-ABERTA-LOGOTIPO-degrade.png","width":4890,"height":1720,"caption":"Arena Aberta"},"image":{"@id":"https:\/\/arenacp.com.br\/arena-aberta\/#\/schema\/logo\/image\/"}}]}},"_links":{"self":[{"href":"https:\/\/arenacp.com.br\/arena-aberta\/wp-json\/wp\/v2\/pages\/22"}],"collection":[{"href":"https:\/\/arenacp.com.br\/arena-aberta\/wp-json\/wp\/v2\/pages"}],"about":[{"href":"https:\/\/arenacp.com.br\/arena-aberta\/wp-json\/wp\/v2\/types\/page"}],"author":[{"embeddable":true,"href":"https:\/\/arenacp.com.br\/arena-aberta\/wp-json\/wp\/v2\/users\/1"}],"replies":[{"embeddable":true,"href":"https:\/\/arenacp.com.br\/arena-aberta\/wp-json\/wp\/v2\/comments?post=22"}],"version-history":[{"count":35,"href":"https:\/\/arenacp.com.br\/arena-aberta\/wp-json\/wp\/v2\/pages\/22\/revisions"}],"predecessor-version":[{"id":2902,"href":"https:\/\/arenacp.com.br\/arena-aberta\/wp-json\/wp\/v2\/pages\/22\/revisions\/2902"}],"wp:featuredmedia":[{"embeddable":true,"href":"https:\/\/arenacp.com.br\/arena-aberta\/wp-json\/wp\/v2\/media\/2564"}],"wp:attachment":[{"href":"https:\/\/arenacp.com.br\/arena-aberta\/wp-json\/wp\/v2\/media?parent=22"}],"curies":[{"name":"wp","href":"https:\/\/api.w.org\/{rel}","templated":true}]}}