{"id":18,"date":"2020-06-30T16:40:07","date_gmt":"2020-06-30T19:40:07","guid":{"rendered":"https:\/\/arenacp.com.br\/arena-aberta\/?page_id=18"},"modified":"2023-05-31T16:21:45","modified_gmt":"2023-05-31T19:21:45","slug":"contato","status":"publish","type":"page","link":"https:\/\/arenacp.com.br\/arena-aberta\/contato\/","title":{"rendered":"Contato"},"content":{"rendered":"<h1>\n\t\tContato\n\t<\/h1>\n<h2>\n\t\tEntre em contato\n\t<\/h2>\n\tEntre em contato atrav\u00e9s do formul\u00e1rio abaixo para d\u00favidas, cr\u00edticas ou sugest\u00f5es. Retornaremos em breve!<br \/>\n<strong>(17) 3211-1400<br \/>\n(17) 98102-3109<\/strong><br \/>\njornalismo@revistacountryfever.com.br<br \/>\nfinanceiro@revistacountryfever.com.br\n\t\n<div class=\"wpcf7 no-js\" id=\"wpcf7-f7-o1\" lang=\"pt-BR\" dir=\"ltr\">\n<div class=\"screen-reader-response\"><p role=\"status\" aria-live=\"polite\" aria-atomic=\"true\"><\/p> <ul><\/ul><\/div>\n<form action=\"\/arena-aberta\/wp-json\/wp\/v2\/pages\/18#wpcf7-f7-o1\" method=\"post\" class=\"wpcf7-form init\" aria-label=\"Formul\u00e1rios de contato\" novalidate=\"novalidate\" data-status=\"init\">\n<div style=\"display: none;\">\n<input type=\"hidden\" name=\"_wpcf7\" value=\"7\" \/>\n<input type=\"hidden\" name=\"_wpcf7_version\" value=\"5.9.3\" \/>\n<input type=\"hidden\" name=\"_wpcf7_locale\" value=\"pt_BR\" \/>\n<input type=\"hidden\" name=\"_wpcf7_unit_tag\" value=\"wpcf7-f7-o1\" \/>\n<input type=\"hidden\" name=\"_wpcf7_container_post\" value=\"0\" \/>\n<input type=\"hidden\" name=\"_wpcf7_posted_data_hash\" value=\"\" \/>\n<input type=\"hidden\" name=\"_wpcf7_recaptcha_response\" value=\"\" \/>\n<\/div>\n<div class=\"row form-group\">\n\t<div class=\"col-md-6 col-sm-12 col-xs-12 padding-bottom-15px-mob\">\n\t\t<p><span>Nome<\/span><br \/>\n<span class=\"wpcf7-form-control-wrap\" data-name=\"nome\"><input size=\"40\" maxlength=\"100\" class=\"wpcf7-form-control wpcf7-text wpcf7-validates-as-required form-control campo-interna\" aria-required=\"true\" aria-invalid=\"false\" placeholder=\"nome completo*\" value=\"\" type=\"text\" name=\"nome\" \/><\/span>\n\t\t<\/p>\n\t<\/div>\n\t<div class=\"col-md-6 col-sm-12 col-xs-12\">\n\t\t<p><span>Telefone<\/span><br \/>\n<span class=\"wpcf7-form-control-wrap\" data-name=\"telefone\"><input size=\"40\" maxlength=\"100\" class=\"wpcf7-form-control wpcf7-text form-control campo-interna\" id=\"telefone\" aria-invalid=\"false\" placeholder=\"digite seu telefone\" value=\"\" type=\"text\" name=\"telefone\" \/><\/span>\n\t\t<\/p>\n\t<\/div>\n<\/div>\n<div class=\"row form-group\">\n\t<div class=\"col-md-12 col-sm-12 col-xs-12\">\n\t\t<p><span>E-mail<\/span><br \/>\n<span class=\"wpcf7-form-control-wrap\" data-name=\"email\"><input size=\"40\" maxlength=\"100\" class=\"wpcf7-form-control wpcf7-email wpcf7-text wpcf7-validates-as-email form-control campo-interna\" aria-invalid=\"false\" placeholder=\"digite seu e-mail\" value=\"\" type=\"email\" name=\"email\" \/><\/span>\n\t\t<\/p>\n\t<\/div>\n<\/div>\n<div class=\"row form-group\">\n\t<div class=\"col-md-5 col-sm-12 col-xs-12 padding-bottom-15px-mob\">\n\t\t<p><span>Cidade<\/span><br \/>\n<span class=\"wpcf7-form-control-wrap\" data-name=\"cidade\"><input size=\"40\" maxlength=\"100\" class=\"wpcf7-form-control wpcf7-text form-control campo-interna\" aria-invalid=\"false\" placeholder=\"digite a cidade\" value=\"\" type=\"text\" name=\"cidade\" \/><\/span>\n\t\t<\/p>\n\t<\/div>\n\t<div class=\"col-md-1 col-sm-12 col-xs-12\">\n\t\t<p><span>Estado<\/span><br \/>\n<span class=\"wpcf7-form-control-wrap\" data-name=\"estado\"><select class=\"wpcf7-form-control wpcf7-select wpcf7-validates-as-required form-control campo-interna\" aria-required=\"true\" aria-invalid=\"false\" name=\"estado\"><option value=\"\">&#8212;Escolha uma op\u00e7\u00e3o&#8212;<\/option><option value=\"AC\">AC<\/option><option value=\"AL\">AL<\/option><option value=\"AP\">AP<\/option><option value=\"AM\">AM<\/option><option value=\"BA\">BA<\/option><option value=\"CE\">CE<\/option><option value=\"DF\">DF<\/option><option value=\"ES\">ES<\/option><option value=\"GO\">GO<\/option><option value=\"MA\">MA<\/option><option value=\"MT\">MT<\/option><option value=\"MS\">MS<\/option><option value=\"MG\">MG<\/option><option value=\"PA\">PA<\/option><option value=\"PB\">PB<\/option><option value=\"PR\">PR<\/option><option value=\"PE\">PE<\/option><option value=\"PI\">PI<\/option><option value=\"RJ\">RJ<\/option><option value=\"RN\">RN<\/option><option value=\"RS\">RS<\/option><option value=\"RO\">RO<\/option><option value=\"RR\">RR<\/option><option value=\"SC\">SC<\/option><option value=\"SP\">SP<\/option><option value=\"SE\">SE<\/option><option value=\"TO\">TO<\/option><\/select><\/span>\n\t\t<\/p>\n\t<\/div>\n<\/div>\n<div class=\"row form-group\">\n\t<div class=\"col-md-12 col-sm-12 col-xs-12\">\n\t\t<p><span class=\"wpcf7-form-control-wrap\" data-name=\"mensagem\"><textarea cols=\"40\" rows=\"10\" maxlength=\"500\" class=\"wpcf7-form-control wpcf7-textarea wpcf7-validates-as-required form-control campo-interna\" aria-required=\"true\" aria-invalid=\"false\" placeholder=\"mensagem*\" name=\"mensagem\"><\/textarea><\/span>\n\t\t<\/p>\n\t<\/div>\n<\/div>\n<div class=\"row form-group\">\n\t<div class=\"col-6 col-md-6 col-sm-6 col-xs-6 padding-bottom-15px-mob\">\n\t\t<p><input class=\"wpcf7-form-control wpcf7-submit has-spinner btn-enviar\" type=\"submit\" value=\"Enviar\" \/>\n\t\t<\/p>\n\t<\/div>\n\t<div class=\"col-6 col-md-6 col-sm-6 col-xs-6 text-right\">\n\t\t<p><input type=\"reset\" value=\"Limpar\" class=\"btn-limpar\" \/>\n\t\t<\/p>\n\t<\/div>\n<\/div><div class=\"wpcf7-response-output\" aria-hidden=\"true\"><\/div>\n<\/form>\n<\/div>\n\n","protected":false},"excerpt":{"rendered":"<p>Contato Entre em contato Entre em contato atrav\u00e9s do formul\u00e1rio abaixo para d\u00favidas, cr\u00edticas ou sugest\u00f5es. Retornaremos em breve! (17) 3211-1400 (17) 98102-3109 jornalismo@revistacountryfever.com.br financeiro@revistacountryfever.com.br<\/p>\n","protected":false},"author":1,"featured_media":0,"parent":0,"menu_order":0,"comment_status":"closed","ping_status":"closed","template":"","meta":{"footnotes":""},"yoast_head":"<!-- This site is optimized with the Yoast SEO plugin v22.5 - https:\/\/yoast.com\/wordpress\/plugins\/seo\/ -->\n<title>Contato - Arena Aberta<\/title>\n<meta name=\"robots\" content=\"index, follow, max-snippet:-1, max-image-preview:large, max-video-preview:-1\" \/>\n<link rel=\"canonical\" href=\"https:\/\/arenacp.com.br\/arena-aberta\/contato\/\" \/>\n<meta property=\"og:locale\" content=\"pt_BR\" \/>\n<meta property=\"og:type\" content=\"article\" \/>\n<meta property=\"og:title\" content=\"Contato - Arena Aberta\" \/>\n<meta property=\"og:description\" content=\"Contato Entre em contato Entre em contato atrav\u00e9s do formul\u00e1rio abaixo para d\u00favidas, cr\u00edticas ou sugest\u00f5es. Retornaremos em breve! (17) 3211-1400 (17) 98102-3109 jornalismo@revistacountryfever.com.br financeiro@revistacountryfever.com.br\" \/>\n<meta property=\"og:url\" content=\"https:\/\/arenacp.com.br\/arena-aberta\/contato\/\" \/>\n<meta property=\"og:site_name\" content=\"Arena Aberta\" \/>\n<meta property=\"article:modified_time\" content=\"2023-05-31T19:21:45+00:00\" \/>\n<meta name=\"twitter:card\" content=\"summary_large_image\" \/>\n<script type=\"application\/ld+json\" class=\"yoast-schema-graph\">{\"@context\":\"https:\/\/schema.org\",\"@graph\":[{\"@type\":\"WebPage\",\"@id\":\"https:\/\/arenacp.com.br\/arena-aberta\/contato\/\",\"url\":\"https:\/\/arenacp.com.br\/arena-aberta\/contato\/\",\"name\":\"Contato - Arena Aberta\",\"isPartOf\":{\"@id\":\"https:\/\/arenacp.com.br\/arena-aberta\/#website\"},\"datePublished\":\"2020-06-30T19:40:07+00:00\",\"dateModified\":\"2023-05-31T19:21:45+00:00\",\"breadcrumb\":{\"@id\":\"https:\/\/arenacp.com.br\/arena-aberta\/contato\/#breadcrumb\"},\"inLanguage\":\"pt-BR\",\"potentialAction\":[{\"@type\":\"ReadAction\",\"target\":[\"https:\/\/arenacp.com.br\/arena-aberta\/contato\/\"]}]},{\"@type\":\"BreadcrumbList\",\"@id\":\"https:\/\/arenacp.com.br\/arena-aberta\/contato\/#breadcrumb\",\"itemListElement\":[{\"@type\":\"ListItem\",\"position\":1,\"name\":\"In\u00edcio\",\"item\":\"https:\/\/arenacp.com.br\/arena-aberta\/\"},{\"@type\":\"ListItem\",\"position\":2,\"name\":\"Contato\"}]},{\"@type\":\"WebSite\",\"@id\":\"https:\/\/arenacp.com.br\/arena-aberta\/#website\",\"url\":\"https:\/\/arenacp.com.br\/arena-aberta\/\",\"name\":\"Arena Aberta\",\"description\":\"\",\"publisher\":{\"@id\":\"https:\/\/arenacp.com.br\/arena-aberta\/#organization\"},\"potentialAction\":[{\"@type\":\"SearchAction\",\"target\":{\"@type\":\"EntryPoint\",\"urlTemplate\":\"https:\/\/arenacp.com.br\/arena-aberta\/?s={search_term_string}\"},\"query-input\":\"required name=search_term_string\"}],\"inLanguage\":\"pt-BR\"},{\"@type\":\"Organization\",\"@id\":\"https:\/\/arenacp.com.br\/arena-aberta\/#organization\",\"name\":\"Arena Aberta\",\"url\":\"https:\/\/arenacp.com.br\/arena-aberta\/\",\"logo\":{\"@type\":\"ImageObject\",\"inLanguage\":\"pt-BR\",\"@id\":\"https:\/\/arenacp.com.br\/arena-aberta\/#\/schema\/logo\/image\/\",\"url\":\"https:\/\/arenacp.com.br\/arena-aberta\/wp-content\/uploads\/2024\/04\/CP23-ARENA-ABERTA-LOGOTIPO-degrade.png\",\"contentUrl\":\"https:\/\/arenacp.com.br\/arena-aberta\/wp-content\/uploads\/2024\/04\/CP23-ARENA-ABERTA-LOGOTIPO-degrade.png\",\"width\":4890,\"height\":1720,\"caption\":\"Arena Aberta\"},\"image\":{\"@id\":\"https:\/\/arenacp.com.br\/arena-aberta\/#\/schema\/logo\/image\/\"}}]}<\/script>\n<!-- \/ Yoast SEO plugin. -->","yoast_head_json":{"title":"Contato - Arena Aberta","robots":{"index":"index","follow":"follow","max-snippet":"max-snippet:-1","max-image-preview":"max-image-preview:large","max-video-preview":"max-video-preview:-1"},"canonical":"https:\/\/arenacp.com.br\/arena-aberta\/contato\/","og_locale":"pt_BR","og_type":"article","og_title":"Contato - Arena Aberta","og_description":"Contato Entre em contato Entre em contato atrav\u00e9s do formul\u00e1rio abaixo para d\u00favidas, cr\u00edticas ou sugest\u00f5es. Retornaremos em breve! (17) 3211-1400 (17) 98102-3109 jornalismo@revistacountryfever.com.br financeiro@revistacountryfever.com.br","og_url":"https:\/\/arenacp.com.br\/arena-aberta\/contato\/","og_site_name":"Arena Aberta","article_modified_time":"2023-05-31T19:21:45+00:00","twitter_card":"summary_large_image","schema":{"@context":"https:\/\/schema.org","@graph":[{"@type":"WebPage","@id":"https:\/\/arenacp.com.br\/arena-aberta\/contato\/","url":"https:\/\/arenacp.com.br\/arena-aberta\/contato\/","name":"Contato - Arena Aberta","isPartOf":{"@id":"https:\/\/arenacp.com.br\/arena-aberta\/#website"},"datePublished":"2020-06-30T19:40:07+00:00","dateModified":"2023-05-31T19:21:45+00:00","breadcrumb":{"@id":"https:\/\/arenacp.com.br\/arena-aberta\/contato\/#breadcrumb"},"inLanguage":"pt-BR","potentialAction":[{"@type":"ReadAction","target":["https:\/\/arenacp.com.br\/arena-aberta\/contato\/"]}]},{"@type":"BreadcrumbList","@id":"https:\/\/arenacp.com.br\/arena-aberta\/contato\/#breadcrumb","itemListElement":[{"@type":"ListItem","position":1,"name":"In\u00edcio","item":"https:\/\/arenacp.com.br\/arena-aberta\/"},{"@type":"ListItem","position":2,"name":"Contato"}]},{"@type":"WebSite","@id":"https:\/\/arenacp.com.br\/arena-aberta\/#website","url":"https:\/\/arenacp.com.br\/arena-aberta\/","name":"Arena Aberta","description":"","publisher":{"@id":"https:\/\/arenacp.com.br\/arena-aberta\/#organization"},"potentialAction":[{"@type":"SearchAction","target":{"@type":"EntryPoint","urlTemplate":"https:\/\/arenacp.com.br\/arena-aberta\/?s={search_term_string}"},"query-input":"required name=search_term_string"}],"inLanguage":"pt-BR"},{"@type":"Organization","@id":"https:\/\/arenacp.com.br\/arena-aberta\/#organization","name":"Arena Aberta","url":"https:\/\/arenacp.com.br\/arena-aberta\/","logo":{"@type":"ImageObject","inLanguage":"pt-BR","@id":"https:\/\/arenacp.com.br\/arena-aberta\/#\/schema\/logo\/image\/","url":"https:\/\/arenacp.com.br\/arena-aberta\/wp-content\/uploads\/2024\/04\/CP23-ARENA-ABERTA-LOGOTIPO-degrade.png","contentUrl":"https:\/\/arenacp.com.br\/arena-aberta\/wp-content\/uploads\/2024\/04\/CP23-ARENA-ABERTA-LOGOTIPO-degrade.png","width":4890,"height":1720,"caption":"Arena Aberta"},"image":{"@id":"https:\/\/arenacp.com.br\/arena-aberta\/#\/schema\/logo\/image\/"}}]}},"_links":{"self":[{"href":"https:\/\/arenacp.com.br\/arena-aberta\/wp-json\/wp\/v2\/pages\/18"}],"collection":[{"href":"https:\/\/arenacp.com.br\/arena-aberta\/wp-json\/wp\/v2\/pages"}],"about":[{"href":"https:\/\/arenacp.com.br\/arena-aberta\/wp-json\/wp\/v2\/types\/page"}],"author":[{"embeddable":true,"href":"https:\/\/arenacp.com.br\/arena-aberta\/wp-json\/wp\/v2\/users\/1"}],"replies":[{"embeddable":true,"href":"https:\/\/arenacp.com.br\/arena-aberta\/wp-json\/wp\/v2\/comments?post=18"}],"version-history":[{"count":10,"href":"https:\/\/arenacp.com.br\/arena-aberta\/wp-json\/wp\/v2\/pages\/18\/revisions"}],"predecessor-version":[{"id":2361,"href":"https:\/\/arenacp.com.br\/arena-aberta\/wp-json\/wp\/v2\/pages\/18\/revisions\/2361"}],"wp:attachment":[{"href":"https:\/\/arenacp.com.br\/arena-aberta\/wp-json\/wp\/v2\/media?parent=18"}],"curies":[{"name":"wp","href":"https:\/\/api.w.org\/{rel}","templated":true}]}}