{"id":12,"date":"2020-06-30T16:39:22","date_gmt":"2020-06-30T19:39:22","guid":{"rendered":"https:\/\/arenacp.com.br\/arena-aberta\/?page_id=12"},"modified":"2026-02-09T16:42:06","modified_gmt":"2026-02-09T19:42:06","slug":"sobre","status":"publish","type":"page","link":"https:\/\/arenacp.com.br\/arena-aberta\/sobre\/","title":{"rendered":"Sobre"},"content":{"rendered":"<h1>\n\t\tARENA ABERTA\n\t<\/h1>\n<h2>\n\t\tSobre\n\t<\/h2>\n\t<p>Arena Aberta \u00e9 um programa apresentado por <strong>Carlinhos Pinheiro<\/strong>, que leva ao p\u00fablico o melhor da cultura sertaneja, do agro e do universo dos rodeios. Com entrevistas, convidados especiais e cobertura de festas e eventos do interior, o programa valoriza as tradi\u00e7\u00f5es do campo e as hist\u00f3rias que fazem parte desse universo.<\/p>\n<p>O <strong>Arena Aberta<\/strong> vai ao ar todos os <strong>domingos<\/strong>, <strong>\u00e0s 10h da manh\u00e3<\/strong>, pela <strong>TV Band Paulista<\/strong>, conectando o p\u00fablico \u00e0 emo\u00e7\u00e3o, \u00e0 m\u00fasica e \u00e0 for\u00e7a do interior brasileiro.<\/p>\n","protected":false},"excerpt":{"rendered":"<p>ARENA ABERTA Sobre Arena Aberta \u00e9 um programa apresentado por Carlinhos Pinheiro, que leva ao p\u00fablico o melhor da cultura sertaneja, do agro e do universo dos rodeios. Com entrevistas, convidados especiais e cobertura de festas e eventos do interior, o programa valoriza as tradi\u00e7\u00f5es do campo e as hist\u00f3rias que fazem parte desse universo.&hellip;<\/p>\n","protected":false},"author":1,"featured_media":0,"parent":0,"menu_order":0,"comment_status":"closed","ping_status":"closed","template":"","meta":{"footnotes":""},"yoast_head":"<!-- This site is optimized with the Yoast SEO plugin v22.5 - https:\/\/yoast.com\/wordpress\/plugins\/seo\/ -->\n<title>Sobre - Arena Aberta<\/title>\n<meta name=\"description\" content=\"O programa Atr\u00e1s do Bretes foi idealizado em nosso ref\u00fagio, Ibir\u00e1\/SP, onde nasceu a maioria de nossos projetos nesses \u00faltimos dez anos.Estava eu e Carlinhos Pinheiro aproveitando um dos nossos poucos momentos de descanso em um domingo a tarde e dessa vez est\u00e1vamos falando sobre minha origem e ess\u00eancia.Nasci e fui criada na ro\u00e7a de p\u00e9s descal\u00e7os na terra, em meio aos animais, \u00e0 natureza e do rodeio. Sempre fui apaixonada por essa ess\u00eancia sertaneja, que trago no sangue, e desde pequena vi como tudo acontece desde o princ\u00edpio para que aconte\u00e7a um rodeio. Poucos sabem a origem, poucos sabem a luta de cada um que \u00e9 respons\u00e1vel por fazer acontecer esse evento t\u00e3o maravilhoso. E \u00e9 Atr\u00e1s dos Bretes que a m\u00e1gica acontece!O Show iluminado, a m\u00fasica boa, a emo\u00e7\u00e3o das montarias, o som das arquibancadas, o rodeio que todo mundo aplaude de p\u00e9, tira o chap\u00e9u e n\u00e3o v\u00ea a hora de chegar o pr\u00f3ximo para estar l\u00e1 novamente n\u00e3o aconteceria se n\u00e3o houvessem os profissionais Atr\u00e1s dos Bretes. A origem de toda essa grandeza vem de onde sempre admirei por conta de cada profissional envolvido, desde a escolha da arena, a montagem de cada detalhe, o som, a ilumina\u00e7\u00e3o, a programa\u00e7\u00e3o das provas, o catador de latinhas, os barraqueiros e tudo que a porteira esconde e a multid\u00e3o pouco v\u00ea.Eu sou Juju Cizzoto e vou mostrar para voc\u00eas que al\u00e9m de gl\u00f3ria e emo\u00e7\u00e3o o rodeio \u00e9 feito de muito trabalho, esfor\u00e7o e dedica\u00e7\u00e3o!\" \/>\n<meta name=\"robots\" content=\"index, follow, max-snippet:-1, max-image-preview:large, max-video-preview:-1\" \/>\n<link rel=\"canonical\" href=\"https:\/\/arenacp.com.br\/arena-aberta\/sobre\/\" \/>\n<meta property=\"og:locale\" content=\"pt_BR\" \/>\n<meta property=\"og:type\" content=\"article\" \/>\n<meta property=\"og:title\" content=\"Sobre - Arena Aberta\" \/>\n<meta property=\"og:description\" content=\"O programa Atr\u00e1s do Bretes foi idealizado em nosso ref\u00fagio, Ibir\u00e1\/SP, onde nasceu a maioria de nossos projetos nesses \u00faltimos dez anos.Estava eu e Carlinhos Pinheiro aproveitando um dos nossos poucos momentos de descanso em um domingo a tarde e dessa vez est\u00e1vamos falando sobre minha origem e ess\u00eancia.Nasci e fui criada na ro\u00e7a de p\u00e9s descal\u00e7os na terra, em meio aos animais, \u00e0 natureza e do rodeio. Sempre fui apaixonada por essa ess\u00eancia sertaneja, que trago no sangue, e desde pequena vi como tudo acontece desde o princ\u00edpio para que aconte\u00e7a um rodeio. Poucos sabem a origem, poucos sabem a luta de cada um que \u00e9 respons\u00e1vel por fazer acontecer esse evento t\u00e3o maravilhoso. E \u00e9 Atr\u00e1s dos Bretes que a m\u00e1gica acontece!O Show iluminado, a m\u00fasica boa, a emo\u00e7\u00e3o das montarias, o som das arquibancadas, o rodeio que todo mundo aplaude de p\u00e9, tira o chap\u00e9u e n\u00e3o v\u00ea a hora de chegar o pr\u00f3ximo para estar l\u00e1 novamente n\u00e3o aconteceria se n\u00e3o houvessem os profissionais Atr\u00e1s dos Bretes. A origem de toda essa grandeza vem de onde sempre admirei por conta de cada profissional envolvido, desde a escolha da arena, a montagem de cada detalhe, o som, a ilumina\u00e7\u00e3o, a programa\u00e7\u00e3o das provas, o catador de latinhas, os barraqueiros e tudo que a porteira esconde e a multid\u00e3o pouco v\u00ea.Eu sou Juju Cizzoto e vou mostrar para voc\u00eas que al\u00e9m de gl\u00f3ria e emo\u00e7\u00e3o o rodeio \u00e9 feito de muito trabalho, esfor\u00e7o e dedica\u00e7\u00e3o!\" \/>\n<meta property=\"og:url\" content=\"https:\/\/arenacp.com.br\/arena-aberta\/sobre\/\" \/>\n<meta property=\"og:site_name\" content=\"Arena Aberta\" \/>\n<meta property=\"article:modified_time\" content=\"2026-02-09T19:42:06+00:00\" \/>\n<meta name=\"twitter:card\" content=\"summary_large_image\" \/>\n<meta name=\"twitter:label1\" content=\"Est. tempo de leitura\" \/>\n\t<meta name=\"twitter:data1\" content=\"2 minutos\" \/>\n<script type=\"application\/ld+json\" class=\"yoast-schema-graph\">{\"@context\":\"https:\/\/schema.org\",\"@graph\":[{\"@type\":\"WebPage\",\"@id\":\"https:\/\/arenacp.com.br\/arena-aberta\/sobre\/\",\"url\":\"https:\/\/arenacp.com.br\/arena-aberta\/sobre\/\",\"name\":\"Sobre - Arena Aberta\",\"isPartOf\":{\"@id\":\"https:\/\/arenacp.com.br\/arena-aberta\/#website\"},\"datePublished\":\"2020-06-30T19:39:22+00:00\",\"dateModified\":\"2026-02-09T19:42:06+00:00\",\"description\":\"O programa Atr\u00e1s do Bretes foi idealizado em nosso ref\u00fagio, Ibir\u00e1\/SP, onde nasceu a maioria de nossos projetos nesses \u00faltimos dez anos.Estava eu e Carlinhos Pinheiro aproveitando um dos nossos poucos momentos de descanso em um domingo a tarde e dessa vez est\u00e1vamos falando sobre minha origem e ess\u00eancia.Nasci e fui criada na ro\u00e7a de p\u00e9s descal\u00e7os na terra, em meio aos animais, \u00e0 natureza e do rodeio. Sempre fui apaixonada por essa ess\u00eancia sertaneja, que trago no sangue, e desde pequena vi como tudo acontece desde o princ\u00edpio para que aconte\u00e7a um rodeio. Poucos sabem a origem, poucos sabem a luta de cada um que \u00e9 respons\u00e1vel por fazer acontecer esse evento t\u00e3o maravilhoso. E \u00e9 Atr\u00e1s dos Bretes que a m\u00e1gica acontece!O Show iluminado, a m\u00fasica boa, a emo\u00e7\u00e3o das montarias, o som das arquibancadas, o rodeio que todo mundo aplaude de p\u00e9, tira o chap\u00e9u e n\u00e3o v\u00ea a hora de chegar o pr\u00f3ximo para estar l\u00e1 novamente n\u00e3o aconteceria se n\u00e3o houvessem os profissionais Atr\u00e1s dos Bretes. A origem de toda essa grandeza vem de onde sempre admirei por conta de cada profissional envolvido, desde a escolha da arena, a montagem de cada detalhe, o som, a ilumina\u00e7\u00e3o, a programa\u00e7\u00e3o das provas, o catador de latinhas, os barraqueiros e tudo que a porteira esconde e a multid\u00e3o pouco v\u00ea.Eu sou Juju Cizzoto e vou mostrar para voc\u00eas que al\u00e9m de gl\u00f3ria e emo\u00e7\u00e3o o rodeio \u00e9 feito de muito trabalho, esfor\u00e7o e dedica\u00e7\u00e3o!\",\"breadcrumb\":{\"@id\":\"https:\/\/arenacp.com.br\/arena-aberta\/sobre\/#breadcrumb\"},\"inLanguage\":\"pt-BR\",\"potentialAction\":[{\"@type\":\"ReadAction\",\"target\":[\"https:\/\/arenacp.com.br\/arena-aberta\/sobre\/\"]}]},{\"@type\":\"BreadcrumbList\",\"@id\":\"https:\/\/arenacp.com.br\/arena-aberta\/sobre\/#breadcrumb\",\"itemListElement\":[{\"@type\":\"ListItem\",\"position\":1,\"name\":\"In\u00edcio\",\"item\":\"https:\/\/arenacp.com.br\/arena-aberta\/\"},{\"@type\":\"ListItem\",\"position\":2,\"name\":\"Sobre\"}]},{\"@type\":\"WebSite\",\"@id\":\"https:\/\/arenacp.com.br\/arena-aberta\/#website\",\"url\":\"https:\/\/arenacp.com.br\/arena-aberta\/\",\"name\":\"Arena Aberta\",\"description\":\"\",\"publisher\":{\"@id\":\"https:\/\/arenacp.com.br\/arena-aberta\/#organization\"},\"potentialAction\":[{\"@type\":\"SearchAction\",\"target\":{\"@type\":\"EntryPoint\",\"urlTemplate\":\"https:\/\/arenacp.com.br\/arena-aberta\/?s={search_term_string}\"},\"query-input\":\"required name=search_term_string\"}],\"inLanguage\":\"pt-BR\"},{\"@type\":\"Organization\",\"@id\":\"https:\/\/arenacp.com.br\/arena-aberta\/#organization\",\"name\":\"Arena Aberta\",\"url\":\"https:\/\/arenacp.com.br\/arena-aberta\/\",\"logo\":{\"@type\":\"ImageObject\",\"inLanguage\":\"pt-BR\",\"@id\":\"https:\/\/arenacp.com.br\/arena-aberta\/#\/schema\/logo\/image\/\",\"url\":\"https:\/\/arenacp.com.br\/arena-aberta\/wp-content\/uploads\/2024\/04\/CP23-ARENA-ABERTA-LOGOTIPO-degrade.png\",\"contentUrl\":\"https:\/\/arenacp.com.br\/arena-aberta\/wp-content\/uploads\/2024\/04\/CP23-ARENA-ABERTA-LOGOTIPO-degrade.png\",\"width\":4890,\"height\":1720,\"caption\":\"Arena Aberta\"},\"image\":{\"@id\":\"https:\/\/arenacp.com.br\/arena-aberta\/#\/schema\/logo\/image\/\"}}]}<\/script>\n<!-- \/ Yoast SEO plugin. -->","yoast_head_json":{"title":"Sobre - Arena Aberta","description":"O programa Atr\u00e1s do Bretes foi idealizado em nosso ref\u00fagio, Ibir\u00e1\/SP, onde nasceu a maioria de nossos projetos nesses \u00faltimos dez anos.Estava eu e Carlinhos Pinheiro aproveitando um dos nossos poucos momentos de descanso em um domingo a tarde e dessa vez est\u00e1vamos falando sobre minha origem e ess\u00eancia.Nasci e fui criada na ro\u00e7a de p\u00e9s descal\u00e7os na terra, em meio aos animais, \u00e0 natureza e do rodeio. Sempre fui apaixonada por essa ess\u00eancia sertaneja, que trago no sangue, e desde pequena vi como tudo acontece desde o princ\u00edpio para que aconte\u00e7a um rodeio. Poucos sabem a origem, poucos sabem a luta de cada um que \u00e9 respons\u00e1vel por fazer acontecer esse evento t\u00e3o maravilhoso. E \u00e9 Atr\u00e1s dos Bretes que a m\u00e1gica acontece!O Show iluminado, a m\u00fasica boa, a emo\u00e7\u00e3o das montarias, o som das arquibancadas, o rodeio que todo mundo aplaude de p\u00e9, tira o chap\u00e9u e n\u00e3o v\u00ea a hora de chegar o pr\u00f3ximo para estar l\u00e1 novamente n\u00e3o aconteceria se n\u00e3o houvessem os profissionais Atr\u00e1s dos Bretes. A origem de toda essa grandeza vem de onde sempre admirei por conta de cada profissional envolvido, desde a escolha da arena, a montagem de cada detalhe, o som, a ilumina\u00e7\u00e3o, a programa\u00e7\u00e3o das provas, o catador de latinhas, os barraqueiros e tudo que a porteira esconde e a multid\u00e3o pouco v\u00ea.Eu sou Juju Cizzoto e vou mostrar para voc\u00eas que al\u00e9m de gl\u00f3ria e emo\u00e7\u00e3o o rodeio \u00e9 feito de muito trabalho, esfor\u00e7o e dedica\u00e7\u00e3o!","robots":{"index":"index","follow":"follow","max-snippet":"max-snippet:-1","max-image-preview":"max-image-preview:large","max-video-preview":"max-video-preview:-1"},"canonical":"https:\/\/arenacp.com.br\/arena-aberta\/sobre\/","og_locale":"pt_BR","og_type":"article","og_title":"Sobre - Arena Aberta","og_description":"O programa Atr\u00e1s do Bretes foi idealizado em nosso ref\u00fagio, Ibir\u00e1\/SP, onde nasceu a maioria de nossos projetos nesses \u00faltimos dez anos.Estava eu e Carlinhos Pinheiro aproveitando um dos nossos poucos momentos de descanso em um domingo a tarde e dessa vez est\u00e1vamos falando sobre minha origem e ess\u00eancia.Nasci e fui criada na ro\u00e7a de p\u00e9s descal\u00e7os na terra, em meio aos animais, \u00e0 natureza e do rodeio. Sempre fui apaixonada por essa ess\u00eancia sertaneja, que trago no sangue, e desde pequena vi como tudo acontece desde o princ\u00edpio para que aconte\u00e7a um rodeio. Poucos sabem a origem, poucos sabem a luta de cada um que \u00e9 respons\u00e1vel por fazer acontecer esse evento t\u00e3o maravilhoso. E \u00e9 Atr\u00e1s dos Bretes que a m\u00e1gica acontece!O Show iluminado, a m\u00fasica boa, a emo\u00e7\u00e3o das montarias, o som das arquibancadas, o rodeio que todo mundo aplaude de p\u00e9, tira o chap\u00e9u e n\u00e3o v\u00ea a hora de chegar o pr\u00f3ximo para estar l\u00e1 novamente n\u00e3o aconteceria se n\u00e3o houvessem os profissionais Atr\u00e1s dos Bretes. A origem de toda essa grandeza vem de onde sempre admirei por conta de cada profissional envolvido, desde a escolha da arena, a montagem de cada detalhe, o som, a ilumina\u00e7\u00e3o, a programa\u00e7\u00e3o das provas, o catador de latinhas, os barraqueiros e tudo que a porteira esconde e a multid\u00e3o pouco v\u00ea.Eu sou Juju Cizzoto e vou mostrar para voc\u00eas que al\u00e9m de gl\u00f3ria e emo\u00e7\u00e3o o rodeio \u00e9 feito de muito trabalho, esfor\u00e7o e dedica\u00e7\u00e3o!","og_url":"https:\/\/arenacp.com.br\/arena-aberta\/sobre\/","og_site_name":"Arena Aberta","article_modified_time":"2026-02-09T19:42:06+00:00","twitter_card":"summary_large_image","twitter_misc":{"Est. tempo de leitura":"2 minutos"},"schema":{"@context":"https:\/\/schema.org","@graph":[{"@type":"WebPage","@id":"https:\/\/arenacp.com.br\/arena-aberta\/sobre\/","url":"https:\/\/arenacp.com.br\/arena-aberta\/sobre\/","name":"Sobre - Arena Aberta","isPartOf":{"@id":"https:\/\/arenacp.com.br\/arena-aberta\/#website"},"datePublished":"2020-06-30T19:39:22+00:00","dateModified":"2026-02-09T19:42:06+00:00","description":"O programa Atr\u00e1s do Bretes foi idealizado em nosso ref\u00fagio, Ibir\u00e1\/SP, onde nasceu a maioria de nossos projetos nesses \u00faltimos dez anos.Estava eu e Carlinhos Pinheiro aproveitando um dos nossos poucos momentos de descanso em um domingo a tarde e dessa vez est\u00e1vamos falando sobre minha origem e ess\u00eancia.Nasci e fui criada na ro\u00e7a de p\u00e9s descal\u00e7os na terra, em meio aos animais, \u00e0 natureza e do rodeio. Sempre fui apaixonada por essa ess\u00eancia sertaneja, que trago no sangue, e desde pequena vi como tudo acontece desde o princ\u00edpio para que aconte\u00e7a um rodeio. Poucos sabem a origem, poucos sabem a luta de cada um que \u00e9 respons\u00e1vel por fazer acontecer esse evento t\u00e3o maravilhoso. E \u00e9 Atr\u00e1s dos Bretes que a m\u00e1gica acontece!O Show iluminado, a m\u00fasica boa, a emo\u00e7\u00e3o das montarias, o som das arquibancadas, o rodeio que todo mundo aplaude de p\u00e9, tira o chap\u00e9u e n\u00e3o v\u00ea a hora de chegar o pr\u00f3ximo para estar l\u00e1 novamente n\u00e3o aconteceria se n\u00e3o houvessem os profissionais Atr\u00e1s dos Bretes. A origem de toda essa grandeza vem de onde sempre admirei por conta de cada profissional envolvido, desde a escolha da arena, a montagem de cada detalhe, o som, a ilumina\u00e7\u00e3o, a programa\u00e7\u00e3o das provas, o catador de latinhas, os barraqueiros e tudo que a porteira esconde e a multid\u00e3o pouco v\u00ea.Eu sou Juju Cizzoto e vou mostrar para voc\u00eas que al\u00e9m de gl\u00f3ria e emo\u00e7\u00e3o o rodeio \u00e9 feito de muito trabalho, esfor\u00e7o e dedica\u00e7\u00e3o!","breadcrumb":{"@id":"https:\/\/arenacp.com.br\/arena-aberta\/sobre\/#breadcrumb"},"inLanguage":"pt-BR","potentialAction":[{"@type":"ReadAction","target":["https:\/\/arenacp.com.br\/arena-aberta\/sobre\/"]}]},{"@type":"BreadcrumbList","@id":"https:\/\/arenacp.com.br\/arena-aberta\/sobre\/#breadcrumb","itemListElement":[{"@type":"ListItem","position":1,"name":"In\u00edcio","item":"https:\/\/arenacp.com.br\/arena-aberta\/"},{"@type":"ListItem","position":2,"name":"Sobre"}]},{"@type":"WebSite","@id":"https:\/\/arenacp.com.br\/arena-aberta\/#website","url":"https:\/\/arenacp.com.br\/arena-aberta\/","name":"Arena Aberta","description":"","publisher":{"@id":"https:\/\/arenacp.com.br\/arena-aberta\/#organization"},"potentialAction":[{"@type":"SearchAction","target":{"@type":"EntryPoint","urlTemplate":"https:\/\/arenacp.com.br\/arena-aberta\/?s={search_term_string}"},"query-input":"required name=search_term_string"}],"inLanguage":"pt-BR"},{"@type":"Organization","@id":"https:\/\/arenacp.com.br\/arena-aberta\/#organization","name":"Arena Aberta","url":"https:\/\/arenacp.com.br\/arena-aberta\/","logo":{"@type":"ImageObject","inLanguage":"pt-BR","@id":"https:\/\/arenacp.com.br\/arena-aberta\/#\/schema\/logo\/image\/","url":"https:\/\/arenacp.com.br\/arena-aberta\/wp-content\/uploads\/2024\/04\/CP23-ARENA-ABERTA-LOGOTIPO-degrade.png","contentUrl":"https:\/\/arenacp.com.br\/arena-aberta\/wp-content\/uploads\/2024\/04\/CP23-ARENA-ABERTA-LOGOTIPO-degrade.png","width":4890,"height":1720,"caption":"Arena Aberta"},"image":{"@id":"https:\/\/arenacp.com.br\/arena-aberta\/#\/schema\/logo\/image\/"}}]}},"_links":{"self":[{"href":"https:\/\/arenacp.com.br\/arena-aberta\/wp-json\/wp\/v2\/pages\/12"}],"collection":[{"href":"https:\/\/arenacp.com.br\/arena-aberta\/wp-json\/wp\/v2\/pages"}],"about":[{"href":"https:\/\/arenacp.com.br\/arena-aberta\/wp-json\/wp\/v2\/types\/page"}],"author":[{"embeddable":true,"href":"https:\/\/arenacp.com.br\/arena-aberta\/wp-json\/wp\/v2\/users\/1"}],"replies":[{"embeddable":true,"href":"https:\/\/arenacp.com.br\/arena-aberta\/wp-json\/wp\/v2\/comments?post=12"}],"version-history":[{"count":18,"href":"https:\/\/arenacp.com.br\/arena-aberta\/wp-json\/wp\/v2\/pages\/12\/revisions"}],"predecessor-version":[{"id":2895,"href":"https:\/\/arenacp.com.br\/arena-aberta\/wp-json\/wp\/v2\/pages\/12\/revisions\/2895"}],"wp:attachment":[{"href":"https:\/\/arenacp.com.br\/arena-aberta\/wp-json\/wp\/v2\/media?parent=12"}],"curies":[{"name":"wp","href":"https:\/\/api.w.org\/{rel}","templated":true}]}}